{"id":988908,"date":"2026-04-06T20:40:38","date_gmt":"2026-04-07T01:40:38","guid":{"rendered":"https:\/\/festivaldelaimagen.com\/rediseno\/?page_id=988908"},"modified":"2026-04-06T20:41:16","modified_gmt":"2026-04-07T01:41:16","slug":"jorge-la-ferla","status":"publish","type":"page","link":"https:\/\/www.festivaldelaimagen.com\/?page_id=988908","title":{"rendered":"Jorge La Ferla"},"content":{"rendered":"\t\t<div data-elementor-type=\"wp-page\" data-elementor-id=\"988908\" class=\"elementor elementor-988908\" data-elementor-post-type=\"page\">\n\t\t\t\t<div class=\"elementor-element elementor-element-1889a99 e-flex e-con-boxed e-con e-parent\" data-id=\"1889a99\" data-element_type=\"container\" data-e-type=\"container\">\n\t\t\t\t\t<div class=\"e-con-inner\">\n\t\t<div class=\"elementor-element elementor-element-33251eeb e-con-full e-flex e-con e-child\" data-id=\"33251eeb\" data-element_type=\"container\" data-e-type=\"container\">\n\t\t\t\t<div class=\"vamtam-has-theme-widget-styles elementor-element elementor-element-3cfaa905 elementor-widget elementor-widget-heading\" data-id=\"3cfaa905\" data-element_type=\"widget\" data-e-type=\"widget\" data-widget_type=\"heading.default\">\n\t\t\t\t<div class=\"elementor-widget-container\">\n\t\t\t\t\t<h6 class=\"elementor-heading-title elementor-size-default\">Bio<\/h6>\t\t\t\t<\/div>\n\t\t\t\t<\/div>\n\t\t\t\t<div class=\"elementor-element elementor-element-630ed856 elementor-widget elementor-widget-text-editor\" data-id=\"630ed856\" data-element_type=\"widget\" data-e-type=\"widget\" data-widget_type=\"text-editor.default\">\n\t\t\t\t<div class=\"elementor-widget-container\">\n\t\t\t\t\t\t\t\t\t<p>Jorge La Ferla es investigador en artes y medios audiovisuales, con una destacada trayectoria acad\u00e9mica en Am\u00e9rica y Europa. Licenciado por la Universidad de Par\u00eds VIII y Master in Arts por la Universidad de Pittsburgh, ha sido profesor y jefe de c\u00e1tedra en instituciones como la Universidad de Buenos Aires, la Universidad del Cine y la Universidad de San Andr\u00e9s. Ha impartido seminarios y curado muestras en torno al cine, el videoarte y las nuevas tecnolog\u00edas, y ha editado m\u00e1s de 50 publicaciones clave en el campo del arte y los medios. En Colombia ha trabajado con universidades como la Javeriana, los Andes y Caldas, donde coordin\u00f3 la edici\u00f3n del libro\u00a0<em data-start=\"747\" data-end=\"779\">El Medio es Dise\u00f1o Audiovisual<\/em>. Colaborador frecuente del Festival Internacional de la Imagen, ha sido reconocido con el Premio Media Art Histories 2025 por su aporte a la historia del arte medi\u00e1tico.<\/p>\t\t\t\t\t\t\t\t<\/div>\n\t\t\t\t<\/div>\n\t\t\t\t<\/div>\n\t\t<div class=\"elementor-element elementor-element-292f631a e-con-full e-flex e-con e-child\" data-id=\"292f631a\" data-element_type=\"container\" data-e-type=\"container\">\n\t\t\t\t<div class=\"elementor-element elementor-element-3c887553 elementor-widget__width-inherit elementor-widget elementor-widget-image\" data-id=\"3c887553\" data-element_type=\"widget\" data-e-type=\"widget\" data-widget_type=\"image.default\">\n\t\t\t\t<div class=\"elementor-widget-container\">\n\t\t\t\t\t\t\t\t\t\t\t\t\t\t\t<img fetchpriority=\"high\" decoding=\"async\" width=\"447\" height=\"536\" src=\"https:\/\/www.festivaldelaimagen.com\/wp-content\/uploads\/2026\/02\/invitado_9.png\" class=\"attachment-large size-large wp-image-987955\" alt=\"Invitado\" srcset=\"https:\/\/www.festivaldelaimagen.com\/wp-content\/uploads\/2026\/02\/invitado_9.png 447w, https:\/\/www.festivaldelaimagen.com\/wp-content\/uploads\/2026\/02\/invitado_9-250x300.png 250w\" sizes=\"(max-width: 447px) 100vw, 447px\" \/>\t\t\t\t\t\t\t\t\t\t\t\t\t\t\t<\/div>\n\t\t\t\t<\/div>\n\t\t\t\t<\/div>\n\t\t\t\t\t<\/div>\n\t\t\t\t<\/div>\n\t\t\t\t<\/div>\n\t\t","protected":false},"excerpt":{"rendered":"<p>Eloquent portraits capturing the essence of diverse beauty.<\/p>\n","protected":false},"author":1,"featured_media":15865,"parent":4604,"menu_order":0,"comment_status":"closed","ping_status":"closed","template":"","meta":{"footnotes":""},"class_list":["post-988908","page","type-page","status-publish","has-post-thumbnail","hentry"],"_links":{"self":[{"href":"https:\/\/www.festivaldelaimagen.com\/index.php?rest_route=\/wp\/v2\/pages\/988908","targetHints":{"allow":["GET"]}}],"collection":[{"href":"https:\/\/www.festivaldelaimagen.com\/index.php?rest_route=\/wp\/v2\/pages"}],"about":[{"href":"https:\/\/www.festivaldelaimagen.com\/index.php?rest_route=\/wp\/v2\/types\/page"}],"author":[{"embeddable":true,"href":"https:\/\/www.festivaldelaimagen.com\/index.php?rest_route=\/wp\/v2\/users\/1"}],"replies":[{"embeddable":true,"href":"https:\/\/www.festivaldelaimagen.com\/index.php?rest_route=%2Fwp%2Fv2%2Fcomments&post=988908"}],"version-history":[{"count":4,"href":"https:\/\/www.festivaldelaimagen.com\/index.php?rest_route=\/wp\/v2\/pages\/988908\/revisions"}],"predecessor-version":[{"id":988912,"href":"https:\/\/www.festivaldelaimagen.com\/index.php?rest_route=\/wp\/v2\/pages\/988908\/revisions\/988912"}],"up":[{"embeddable":true,"href":"https:\/\/www.festivaldelaimagen.com\/index.php?rest_route=\/wp\/v2\/pages\/4604"}],"wp:featuredmedia":[{"embeddable":true,"href":"https:\/\/www.festivaldelaimagen.com\/index.php?rest_route=\/wp\/v2\/media\/15865"}],"wp:attachment":[{"href":"https:\/\/www.festivaldelaimagen.com\/index.php?rest_route=%2Fwp%2Fv2%2Fmedia&parent=988908"}],"curies":[{"name":"wp","href":"https:\/\/api.w.org\/{rel}","templated":true}]}}

<div data-elementor-type="wp-page" data-elementor-id="988908" class="elementor elementor-988908" data-elementor-post-type="page">
				<div class="elementor-element elementor-element-1889a99 e-flex e-con-boxed e-con e-parent" data-id="1889a99" data-element_type="container" data-e-type="container">
					<div class="e-con-inner">
		<div class="elementor-element elementor-element-33251eeb e-con-full e-flex e-con e-child" data-id="33251eeb" data-element_type="container" data-e-type="container">
				<div class="vamtam-has-theme-widget-styles elementor-element elementor-element-3cfaa905 elementor-widget elementor-widget-heading" data-id="3cfaa905" data-element_type="widget" data-e-type="widget" data-widget_type="heading.default">
				<div class="elementor-widget-container">
					<h6 class="elementor-heading-title elementor-size-default">Bio</h6>				</div>
				</div>
				<div class="elementor-element elementor-element-630ed856 elementor-widget elementor-widget-text-editor" data-id="630ed856" data-element_type="widget" data-e-type="widget" data-widget_type="text-editor.default">
				<div class="elementor-widget-container">
									<p>Jorge La Ferla es investigador en artes y medios audiovisuales, con una destacada trayectoria académica en América y Europa. Licenciado por la Universidad de París VIII y Master in Arts por la Universidad de Pittsburgh, ha sido profesor y jefe de cátedra en instituciones como la Universidad de Buenos Aires, la Universidad del Cine y la Universidad de San Andrés. Ha impartido seminarios y curado muestras en torno al cine, el videoarte y las nuevas tecnologías, y ha editado más de 50 publicaciones clave en el campo del arte y los medios. En Colombia ha trabajado con universidades como la Javeriana, los Andes y Caldas, donde coordinó la edición del libro <em data-start="747" data-end="779">El Medio es Diseño Audiovisual</em>. Colaborador frecuente del Festival Internacional de la Imagen, ha sido reconocido con el Premio Media Art Histories 2025 por su aporte a la historia del arte mediático.</p>								</div>
				</div>
				</div>
		<div class="elementor-element elementor-element-292f631a e-con-full e-flex e-con e-child" data-id="292f631a" data-element_type="container" data-e-type="container">
				<div class="elementor-element elementor-element-3c887553 elementor-widget__width-inherit elementor-widget elementor-widget-image" data-id="3c887553" data-element_type="widget" data-e-type="widget" data-widget_type="image.default">
				<div class="elementor-widget-container">
															<img fetchpriority="high" decoding="async" width="447" height="536" src="https://www.festivaldelaimagen.com/wp-content/uploads/2026/02/invitado_9.png" class="attachment-large size-large wp-image-987955" alt="Invitado" srcset="https://www.festivaldelaimagen.com/wp-content/uploads/2026/02/invitado_9.png 447w, https://www.festivaldelaimagen.com/wp-content/uploads/2026/02/invitado_9-250x300.png 250w" sizes="(max-width: 447px) 100vw, 447px" />															</div>
				</div>
				</div>
					</div>
				</div>
				</div>
