{"id":988874,"date":"2026-04-06T19:46:12","date_gmt":"2026-04-07T00:46:12","guid":{"rendered":"https:\/\/festivaldelaimagen.com\/rediseno\/?page_id=988874"},"modified":"2026-04-06T19:47:12","modified_gmt":"2026-04-07T00:47:12","slug":"raquel-pelta","status":"publish","type":"page","link":"https:\/\/www.festivaldelaimagen.com\/?page_id=988874","title":{"rendered":"Raquel Pelta"},"content":{"rendered":"\t\t<div data-elementor-type=\"wp-page\" data-elementor-id=\"988874\" class=\"elementor elementor-988874\" data-elementor-post-type=\"page\">\n\t\t\t\t<div class=\"elementor-element elementor-element-1889a99 e-flex e-con-boxed e-con e-parent\" data-id=\"1889a99\" data-element_type=\"container\" data-e-type=\"container\">\n\t\t\t\t\t<div class=\"e-con-inner\">\n\t\t<div class=\"elementor-element elementor-element-33251eeb e-con-full e-flex e-con e-child\" data-id=\"33251eeb\" data-element_type=\"container\" data-e-type=\"container\">\n\t\t\t\t<div class=\"vamtam-has-theme-widget-styles elementor-element elementor-element-3cfaa905 elementor-widget elementor-widget-heading\" data-id=\"3cfaa905\" data-element_type=\"widget\" data-e-type=\"widget\" data-widget_type=\"heading.default\">\n\t\t\t\t<div class=\"elementor-widget-container\">\n\t\t\t\t\t<h6 class=\"elementor-heading-title elementor-size-default\">Bio<\/h6>\t\t\t\t<\/div>\n\t\t\t\t<\/div>\n\t\t\t\t<div class=\"elementor-element elementor-element-630ed856 elementor-widget elementor-widget-text-editor\" data-id=\"630ed856\" data-element_type=\"widget\" data-e-type=\"widget\" data-widget_type=\"text-editor.default\">\n\t\t\t\t<div class=\"elementor-widget-container\">\n\t\t\t\t\t\t\t\t\t<p class=\"\" data-start=\"106\" data-end=\"532\">Raquel Pelta es historiadora del dise\u00f1o, investigadora y profesora en la Universidad de Barcelona. Doctora en Bellas Artes, cuenta con formaci\u00f3n en Geograf\u00eda e Historia, Comunicaci\u00f3n Audiovisual, Publicidad y Trabajo Social. Su investigaci\u00f3n se centra en el dise\u00f1o social, el co-dise\u00f1o y la innovaci\u00f3n en contextos humanitarios, y ha colaborado con diversas universidades e instituciones p\u00fablicas dentro y fuera de Espa\u00f1a.<\/p><p class=\"\" data-start=\"534\" data-end=\"889\">Es autora de numerosas publicaciones y curadora de exposiciones en museos como el Museo del Dise\u00f1o de Barcelona y el MuVIM. Fundadora de la revista\u00a0<em data-start=\"682\" data-end=\"695\">Monogr\u00e1fica<\/em>\u00a0y exdirectora de\u00a0<em data-start=\"713\" data-end=\"721\">Visual<\/em>, ha sido reconocida con el Premio Gr\u00e0ffica y el Premio Laus de Honor por su destacada contribuci\u00f3n al estudio y la divulgaci\u00f3n del dise\u00f1o en el \u00e1mbito hispano.<\/p>\t\t\t\t\t\t\t\t<\/div>\n\t\t\t\t<\/div>\n\t\t\t\t<\/div>\n\t\t<div class=\"elementor-element elementor-element-292f631a e-con-full e-flex e-con e-child\" data-id=\"292f631a\" data-element_type=\"container\" data-e-type=\"container\">\n\t\t\t\t<div class=\"elementor-element elementor-element-3c887553 elementor-widget__width-inherit elementor-widget elementor-widget-image\" data-id=\"3c887553\" data-element_type=\"widget\" data-e-type=\"widget\" data-widget_type=\"image.default\">\n\t\t\t\t<div class=\"elementor-widget-container\">\n\t\t\t\t\t\t\t\t\t\t\t\t\t\t\t<img fetchpriority=\"high\" decoding=\"async\" width=\"447\" height=\"536\" src=\"https:\/\/www.festivaldelaimagen.com\/wp-content\/uploads\/2026\/03\/raquel-pelta.png\" class=\"attachment-large size-large wp-image-988350\" alt=\"\" srcset=\"https:\/\/www.festivaldelaimagen.com\/wp-content\/uploads\/2026\/03\/raquel-pelta.png 447w, https:\/\/www.festivaldelaimagen.com\/wp-content\/uploads\/2026\/03\/raquel-pelta-250x300.png 250w\" sizes=\"(max-width: 447px) 100vw, 447px\" \/>\t\t\t\t\t\t\t\t\t\t\t\t\t\t\t<\/div>\n\t\t\t\t<\/div>\n\t\t\t\t<\/div>\n\t\t\t\t\t<\/div>\n\t\t\t\t<\/div>\n\t\t\t\t<\/div>\n\t\t","protected":false},"excerpt":{"rendered":"<p>Eloquent portraits capturing the essence of diverse beauty.<\/p>\n","protected":false},"author":1,"featured_media":15865,"parent":4604,"menu_order":0,"comment_status":"closed","ping_status":"closed","template":"","meta":{"footnotes":""},"class_list":["post-988874","page","type-page","status-publish","has-post-thumbnail","hentry"],"_links":{"self":[{"href":"https:\/\/www.festivaldelaimagen.com\/index.php?rest_route=\/wp\/v2\/pages\/988874","targetHints":{"allow":["GET"]}}],"collection":[{"href":"https:\/\/www.festivaldelaimagen.com\/index.php?rest_route=\/wp\/v2\/pages"}],"about":[{"href":"https:\/\/www.festivaldelaimagen.com\/index.php?rest_route=\/wp\/v2\/types\/page"}],"author":[{"embeddable":true,"href":"https:\/\/www.festivaldelaimagen.com\/index.php?rest_route=\/wp\/v2\/users\/1"}],"replies":[{"embeddable":true,"href":"https:\/\/www.festivaldelaimagen.com\/index.php?rest_route=%2Fwp%2Fv2%2Fcomments&post=988874"}],"version-history":[{"count":4,"href":"https:\/\/www.festivaldelaimagen.com\/index.php?rest_route=\/wp\/v2\/pages\/988874\/revisions"}],"predecessor-version":[{"id":988878,"href":"https:\/\/www.festivaldelaimagen.com\/index.php?rest_route=\/wp\/v2\/pages\/988874\/revisions\/988878"}],"up":[{"embeddable":true,"href":"https:\/\/www.festivaldelaimagen.com\/index.php?rest_route=\/wp\/v2\/pages\/4604"}],"wp:featuredmedia":[{"embeddable":true,"href":"https:\/\/www.festivaldelaimagen.com\/index.php?rest_route=\/wp\/v2\/media\/15865"}],"wp:attachment":[{"href":"https:\/\/www.festivaldelaimagen.com\/index.php?rest_route=%2Fwp%2Fv2%2Fmedia&parent=988874"}],"curies":[{"name":"wp","href":"https:\/\/api.w.org\/{rel}","templated":true}]}}

<div data-elementor-type="wp-page" data-elementor-id="988874" class="elementor elementor-988874" data-elementor-post-type="page">
				<div class="elementor-element elementor-element-1889a99 e-flex e-con-boxed e-con e-parent" data-id="1889a99" data-element_type="container" data-e-type="container">
					<div class="e-con-inner">
		<div class="elementor-element elementor-element-33251eeb e-con-full e-flex e-con e-child" data-id="33251eeb" data-element_type="container" data-e-type="container">
				<div class="vamtam-has-theme-widget-styles elementor-element elementor-element-3cfaa905 elementor-widget elementor-widget-heading" data-id="3cfaa905" data-element_type="widget" data-e-type="widget" data-widget_type="heading.default">
				<div class="elementor-widget-container">
					<h6 class="elementor-heading-title elementor-size-default">Bio</h6>				</div>
				</div>
				<div class="elementor-element elementor-element-630ed856 elementor-widget elementor-widget-text-editor" data-id="630ed856" data-element_type="widget" data-e-type="widget" data-widget_type="text-editor.default">
				<div class="elementor-widget-container">
									<p class="" data-start="106" data-end="532">Raquel Pelta es historiadora del diseño, investigadora y profesora en la Universidad de Barcelona. Doctora en Bellas Artes, cuenta con formación en Geografía e Historia, Comunicación Audiovisual, Publicidad y Trabajo Social. Su investigación se centra en el diseño social, el co-diseño y la innovación en contextos humanitarios, y ha colaborado con diversas universidades e instituciones públicas dentro y fuera de España.</p><p class="" data-start="534" data-end="889">Es autora de numerosas publicaciones y curadora de exposiciones en museos como el Museo del Diseño de Barcelona y el MuVIM. Fundadora de la revista <em data-start="682" data-end="695">Monográfica</em> y exdirectora de <em data-start="713" data-end="721">Visual</em>, ha sido reconocida con el Premio Gràffica y el Premio Laus de Honor por su destacada contribución al estudio y la divulgación del diseño en el ámbito hispano.</p>								</div>
				</div>
				</div>
		<div class="elementor-element elementor-element-292f631a e-con-full e-flex e-con e-child" data-id="292f631a" data-element_type="container" data-e-type="container">
				<div class="elementor-element elementor-element-3c887553 elementor-widget__width-inherit elementor-widget elementor-widget-image" data-id="3c887553" data-element_type="widget" data-e-type="widget" data-widget_type="image.default">
				<div class="elementor-widget-container">
															<img fetchpriority="high" decoding="async" width="447" height="536" src="https://www.festivaldelaimagen.com/wp-content/uploads/2026/03/raquel-pelta.png" class="attachment-large size-large wp-image-988350" alt="" srcset="https://www.festivaldelaimagen.com/wp-content/uploads/2026/03/raquel-pelta.png 447w, https://www.festivaldelaimagen.com/wp-content/uploads/2026/03/raquel-pelta-250x300.png 250w" sizes="(max-width: 447px) 100vw, 447px" />															</div>
				</div>
				</div>
					</div>
				</div>
				</div>
