{"id":988796,"date":"2026-04-06T16:39:58","date_gmt":"2026-04-06T21:39:58","guid":{"rendered":"https:\/\/festivaldelaimagen.com\/rediseno\/?page_id=988796"},"modified":"2026-04-06T16:40:59","modified_gmt":"2026-04-06T21:40:59","slug":"delfina-fantini-van-ditmar","status":"publish","type":"page","link":"https:\/\/www.festivaldelaimagen.com\/?page_id=988796","title":{"rendered":"Delfina Fantini van Ditmar"},"content":{"rendered":"\t\t<div data-elementor-type=\"wp-page\" data-elementor-id=\"988796\" class=\"elementor elementor-988796\" data-elementor-post-type=\"page\">\n\t\t\t\t<div class=\"elementor-element elementor-element-1889a99 e-flex e-con-boxed e-con e-parent\" data-id=\"1889a99\" data-element_type=\"container\" data-e-type=\"container\">\n\t\t\t\t\t<div class=\"e-con-inner\">\n\t\t<div class=\"elementor-element elementor-element-33251eeb e-con-full e-flex e-con e-child\" data-id=\"33251eeb\" data-element_type=\"container\" data-e-type=\"container\">\n\t\t\t\t<div class=\"vamtam-has-theme-widget-styles elementor-element elementor-element-3cfaa905 elementor-widget elementor-widget-heading\" data-id=\"3cfaa905\" data-element_type=\"widget\" data-e-type=\"widget\" data-widget_type=\"heading.default\">\n\t\t\t\t<div class=\"elementor-widget-container\">\n\t\t\t\t\t<h6 class=\"elementor-heading-title elementor-size-default\">Bio<\/h6>\t\t\t\t<\/div>\n\t\t\t\t<\/div>\n\t\t\t\t<div class=\"elementor-element elementor-element-630ed856 elementor-widget elementor-widget-text-editor\" data-id=\"630ed856\" data-element_type=\"widget\" data-e-type=\"widget\" data-widget_type=\"text-editor.default\">\n\t\t\t\t<div class=\"elementor-widget-container\">\n\t\t\t\t\t\t\t\t\t<p>La Prof. Delfina Fantini van Ditmar, PhD, es Profesora Investigadora en el\u00a0<em>Centre of Applied Research for Art, Design and Technology (CARADT)<\/em>\u00a0en Arte y Dise\u00f1o Regenerativos, e Investigadora Principal en el\u00a0<em>Royal College of Art<\/em>, donde codirige el\u00a0<em>Becoming Regenerative Lab<\/em>, financiado por el UKRI. Delfina es licenciada en Biolog\u00eda y realiz\u00f3 su doctorado en el\u00a0<em>Royal College of Art<\/em>, en la\u00a0<em>School of Design (SoD)<\/em>, donde ha impartido clases en los programas de\u00a0<em>MA Design Products<\/em>,\u00a0<em>MSc\/MA Innovation Design Engineering<\/em>\u00a0y\u00a0<em>MA Fashion<\/em>. Guiada por su inter\u00e9s en el pensamiento ecol\u00f3gico, las pr\u00e1cticas reflexivas y las interrelaciones como respuesta sist\u00e9mica al colapso ambiental, su trabajo cr\u00edtico explora la \u00e9tica material del cuidado y el necesario cambio de paradigma en el dise\u00f1o.<\/p><p>Fue cofundadora del\u00a0<em>Design Research Society (DRS) Special Interest Group on Design and Ethics<\/em>. En 2021, fue seleccionada como una de las investigadoras residentes (<em>Design Researchers in Residence, DRiR<\/em>) del\u00a0<em>Future Observatory<\/em>\u00a0en el\u00a0<em>Design Museum<\/em>, en colaboraci\u00f3n con el\u00a0<em>Arts and Humanities Research Council (AHRC)<\/em>.<\/p><p>Delfina ha sido jurado y profesora invitada en diversas instituciones, como\u00a0<em>The Bartlett<\/em>,\u00a0<em>Architectural Association<\/em>,\u00a0<em>Central Saint Martins (UAL)<\/em>,\u00a0<em>The Design Museum<\/em>,\u00a0<em>L\u2019\u00c9cole nationale sup\u00e9rieure des Arts D\u00e9coratifs (ENSAD)<\/em>,\u00a0<em>Politecnico di Milano<\/em>,\u00a0<em>Domus Academy<\/em>,\u00a0<em>Zurich University of the Arts (ZHdK)<\/em>,\u00a0<em>Lucerne University of Applied Sciences and Arts (HSLU)<\/em>,\u00a0<em>Linnaeus University<\/em>,\u00a0<em>Critical Media Lab Basel<\/em>,\u00a0<em>TU Berlin<\/em>,\u00a0<em>Indian Institute of Technology Delhi (IITD)<\/em>,\u00a0<em>National Institute of Design<\/em>,\u00a0<em>Syracuse University<\/em>,\u00a0<em>Rice University<\/em>\u00a0y\u00a0<em>Fab City Foundation<\/em>, entre otras.<\/p>\t\t\t\t\t\t\t\t<\/div>\n\t\t\t\t<\/div>\n\t\t\t\t<\/div>\n\t\t<div class=\"elementor-element elementor-element-292f631a e-con-full e-flex e-con e-child\" data-id=\"292f631a\" data-element_type=\"container\" data-e-type=\"container\">\n\t\t\t\t<div class=\"elementor-element elementor-element-3c887553 elementor-widget__width-inherit elementor-widget elementor-widget-image\" data-id=\"3c887553\" data-element_type=\"widget\" data-e-type=\"widget\" data-widget_type=\"image.default\">\n\t\t\t\t<div class=\"elementor-widget-container\">\n\t\t\t\t\t\t\t\t\t\t\t\t\t\t\t<img fetchpriority=\"high\" decoding=\"async\" width=\"447\" height=\"536\" src=\"https:\/\/www.festivaldelaimagen.com\/wp-content\/uploads\/2026\/03\/delfina-fantini.png\" class=\"attachment-large size-large wp-image-988342\" alt=\"\" srcset=\"https:\/\/www.festivaldelaimagen.com\/wp-content\/uploads\/2026\/03\/delfina-fantini.png 447w, https:\/\/www.festivaldelaimagen.com\/wp-content\/uploads\/2026\/03\/delfina-fantini-250x300.png 250w\" sizes=\"(max-width: 447px) 100vw, 447px\" \/>\t\t\t\t\t\t\t\t\t\t\t\t\t\t\t<\/div>\n\t\t\t\t<\/div>\n\t\t\t\t<\/div>\n\t\t\t\t\t<\/div>\n\t\t\t\t<\/div>\n\t\t\t\t<\/div>\n\t\t","protected":false},"excerpt":{"rendered":"<p>Eloquent portraits capturing the essence of diverse beauty.<\/p>\n","protected":false},"author":1,"featured_media":15865,"parent":4604,"menu_order":0,"comment_status":"closed","ping_status":"closed","template":"","meta":{"footnotes":""},"class_list":["post-988796","page","type-page","status-publish","has-post-thumbnail","hentry"],"_links":{"self":[{"href":"https:\/\/www.festivaldelaimagen.com\/index.php?rest_route=\/wp\/v2\/pages\/988796","targetHints":{"allow":["GET"]}}],"collection":[{"href":"https:\/\/www.festivaldelaimagen.com\/index.php?rest_route=\/wp\/v2\/pages"}],"about":[{"href":"https:\/\/www.festivaldelaimagen.com\/index.php?rest_route=\/wp\/v2\/types\/page"}],"author":[{"embeddable":true,"href":"https:\/\/www.festivaldelaimagen.com\/index.php?rest_route=\/wp\/v2\/users\/1"}],"replies":[{"embeddable":true,"href":"https:\/\/www.festivaldelaimagen.com\/index.php?rest_route=%2Fwp%2Fv2%2Fcomments&post=988796"}],"version-history":[{"count":4,"href":"https:\/\/www.festivaldelaimagen.com\/index.php?rest_route=\/wp\/v2\/pages\/988796\/revisions"}],"predecessor-version":[{"id":988800,"href":"https:\/\/www.festivaldelaimagen.com\/index.php?rest_route=\/wp\/v2\/pages\/988796\/revisions\/988800"}],"up":[{"embeddable":true,"href":"https:\/\/www.festivaldelaimagen.com\/index.php?rest_route=\/wp\/v2\/pages\/4604"}],"wp:featuredmedia":[{"embeddable":true,"href":"https:\/\/www.festivaldelaimagen.com\/index.php?rest_route=\/wp\/v2\/media\/15865"}],"wp:attachment":[{"href":"https:\/\/www.festivaldelaimagen.com\/index.php?rest_route=%2Fwp%2Fv2%2Fmedia&parent=988796"}],"curies":[{"name":"wp","href":"https:\/\/api.w.org\/{rel}","templated":true}]}}