{"id":988791,"date":"2026-04-06T16:32:46","date_gmt":"2026-04-06T21:32:46","guid":{"rendered":"https:\/\/festivaldelaimagen.com\/rediseno\/?page_id=988791"},"modified":"2026-04-06T16:36:41","modified_gmt":"2026-04-06T21:36:41","slug":"gabriela-aceves","status":"publish","type":"page","link":"https:\/\/www.festivaldelaimagen.com\/?page_id=988791","title":{"rendered":"Gabriela Aceves"},"content":{"rendered":"\t\t<div data-elementor-type=\"wp-page\" data-elementor-id=\"988791\" class=\"elementor elementor-988791\" data-elementor-post-type=\"page\">\n\t\t\t\t<div class=\"elementor-element elementor-element-1889a99 e-flex e-con-boxed e-con e-parent\" data-id=\"1889a99\" data-element_type=\"container\" data-e-type=\"container\">\n\t\t\t\t\t<div class=\"e-con-inner\">\n\t\t<div class=\"elementor-element elementor-element-33251eeb e-con-full e-flex e-con e-child\" data-id=\"33251eeb\" data-element_type=\"container\" data-e-type=\"container\">\n\t\t\t\t<div class=\"vamtam-has-theme-widget-styles elementor-element elementor-element-3cfaa905 elementor-widget elementor-widget-heading\" data-id=\"3cfaa905\" data-element_type=\"widget\" data-e-type=\"widget\" data-widget_type=\"heading.default\">\n\t\t\t\t<div class=\"elementor-widget-container\">\n\t\t\t\t\t<h6 class=\"elementor-heading-title elementor-size-default\">Bio<\/h6>\t\t\t\t<\/div>\n\t\t\t\t<\/div>\n\t\t\t\t<div class=\"elementor-element elementor-element-630ed856 elementor-widget elementor-widget-text-editor\" data-id=\"630ed856\" data-element_type=\"widget\" data-e-type=\"widget\" data-widget_type=\"text-editor.default\">\n\t\t\t\t<div class=\"elementor-widget-container\">\n\t\t\t\t\t\t\t\t\t<p class=\"\" data-start=\"0\" data-end=\"584\">Gabriela Aceves Sep\u00falveda es una artista de medios y historiadora mexicana radicada en Canad\u00e1. Su investigaci\u00f3n se centra en las historias de mujeres y feminismo(s) en la intersecci\u00f3n del arte, los medios, la ciencia y la tecnolog\u00eda, con un enfoque particular en artistas latinoamericanos. Es autora del libro galardonado\u00a0<em data-start=\"322\" data-end=\"386\">Women Made Visible: Feminist Art and Media in post-1968 Mexico<\/em>\u00a0(Nebraska Press, 2019) y coeditora de\u00a0<em data-start=\"425\" data-end=\"539\">Diffracting the North: Contemporary Latinx Canadian Experiences and Practices in Film, New Media and Visual Arts<\/em>\u00a0(Concordia Press, de pr\u00f3xima publicaci\u00f3n).<\/p><p class=\"\" data-start=\"586\" data-end=\"1056\">Sus publicaciones acad\u00e9micas sobre arte medi\u00e1tico feminista, pr\u00e1cticas archiv\u00edsticas, estudios del sonido, investigaci\u00f3n-creaci\u00f3n y arte latinoamericano y sus di\u00e1sporas aparecen en numerosos vol\u00famenes editados y en revistas como\u00a0<em data-start=\"815\" data-end=\"853\">The Feminist Media Histories Journal<\/em>,\u00a0<em data-start=\"855\" data-end=\"879\">Leonardo Music Journal<\/em>,\u00a0<em data-start=\"881\" data-end=\"927\">Media-N: the Journal of the New Media Caucus<\/em>,\u00a0<em data-start=\"929\" data-end=\"986\">The Journal of Latin American and Latinx Visual Culture<\/em>,\u00a0<em data-start=\"988\" data-end=\"1040\">Technoetic Arts: A Journal of Speculative Research<\/em>, entre otras.<\/p><p class=\"\" data-start=\"1058\" data-end=\"1686\">Su pr\u00e1ctica de investigaci\u00f3n-creaci\u00f3n se enfoca en la producci\u00f3n de proyectos multimedia colaborativos que investigan el cuerpo como un sitio de inscripciones culturales, de g\u00e9nero y tecno-cient\u00edficas. Aceves Sep\u00falveda es profesora asociada en la School of Interactive Arts and Technology de la Universidad Simon Fraser, en Canad\u00e1, ubicada en el territorio no cedido de los pueblos ind\u00edgenas S\u1e35wx\u0331w\u00fa7mesh (Squamish), St\u00f3:l\u014d, S\u0259l\u0313\u00edlw\u0259ta\u0294 (Tsleil-Waututh) y x\u02b7m\u0259\u03b8k\u02b7\u0259y\u0313\u0259m (Musqueam). Es directora del estudio de investigaci\u00f3n-creaci\u00f3n Critical-Media-Art-Studio (cMAS) y ense\u00f1a producci\u00f3n, teor\u00eda e historia de las artes medi\u00e1ticas.<\/p>\t\t\t\t\t\t\t\t<\/div>\n\t\t\t\t<\/div>\n\t\t\t\t<\/div>\n\t\t<div class=\"elementor-element elementor-element-292f631a e-con-full e-flex e-con e-child\" data-id=\"292f631a\" data-element_type=\"container\" data-e-type=\"container\">\n\t\t\t\t<div class=\"elementor-element elementor-element-3c887553 elementor-widget__width-inherit elementor-widget elementor-widget-image\" data-id=\"3c887553\" data-element_type=\"widget\" data-e-type=\"widget\" data-widget_type=\"image.default\">\n\t\t\t\t<div class=\"elementor-widget-container\">\n\t\t\t\t\t\t\t\t\t\t\t\t\t\t\t<img fetchpriority=\"high\" decoding=\"async\" width=\"447\" height=\"536\" src=\"https:\/\/www.festivaldelaimagen.com\/wp-content\/uploads\/2026\/02\/invitado_6.png\" class=\"attachment-large size-large wp-image-987942\" alt=\"Invitado\" srcset=\"https:\/\/www.festivaldelaimagen.com\/wp-content\/uploads\/2026\/02\/invitado_6.png 447w, https:\/\/www.festivaldelaimagen.com\/wp-content\/uploads\/2026\/02\/invitado_6-250x300.png 250w\" sizes=\"(max-width: 447px) 100vw, 447px\" \/>\t\t\t\t\t\t\t\t\t\t\t\t\t\t\t<\/div>\n\t\t\t\t<\/div>\n\t\t\t\t<\/div>\n\t\t\t\t\t<\/div>\n\t\t\t\t<\/div>\n\t\t\t\t<\/div>\n\t\t","protected":false},"excerpt":{"rendered":"<p>Eloquent portraits capturing the essence of diverse beauty.<\/p>\n","protected":false},"author":1,"featured_media":15865,"parent":4604,"menu_order":0,"comment_status":"closed","ping_status":"closed","template":"","meta":{"footnotes":""},"class_list":["post-988791","page","type-page","status-publish","has-post-thumbnail","hentry"],"_links":{"self":[{"href":"https:\/\/www.festivaldelaimagen.com\/index.php?rest_route=\/wp\/v2\/pages\/988791","targetHints":{"allow":["GET"]}}],"collection":[{"href":"https:\/\/www.festivaldelaimagen.com\/index.php?rest_route=\/wp\/v2\/pages"}],"about":[{"href":"https:\/\/www.festivaldelaimagen.com\/index.php?rest_route=\/wp\/v2\/types\/page"}],"author":[{"embeddable":true,"href":"https:\/\/www.festivaldelaimagen.com\/index.php?rest_route=\/wp\/v2\/users\/1"}],"replies":[{"embeddable":true,"href":"https:\/\/www.festivaldelaimagen.com\/index.php?rest_route=%2Fwp%2Fv2%2Fcomments&post=988791"}],"version-history":[{"count":4,"href":"https:\/\/www.festivaldelaimagen.com\/index.php?rest_route=\/wp\/v2\/pages\/988791\/revisions"}],"predecessor-version":[{"id":988795,"href":"https:\/\/www.festivaldelaimagen.com\/index.php?rest_route=\/wp\/v2\/pages\/988791\/revisions\/988795"}],"up":[{"embeddable":true,"href":"https:\/\/www.festivaldelaimagen.com\/index.php?rest_route=\/wp\/v2\/pages\/4604"}],"wp:featuredmedia":[{"embeddable":true,"href":"https:\/\/www.festivaldelaimagen.com\/index.php?rest_route=\/wp\/v2\/media\/15865"}],"wp:attachment":[{"href":"https:\/\/www.festivaldelaimagen.com\/index.php?rest_route=%2Fwp%2Fv2%2Fmedia&parent=988791"}],"curies":[{"name":"wp","href":"https:\/\/api.w.org\/{rel}","templated":true}]}}

<div data-elementor-type="wp-page" data-elementor-id="988791" class="elementor elementor-988791" data-elementor-post-type="page">
				<div class="elementor-element elementor-element-1889a99 e-flex e-con-boxed e-con e-parent" data-id="1889a99" data-element_type="container" data-e-type="container">
					<div class="e-con-inner">
		<div class="elementor-element elementor-element-33251eeb e-con-full e-flex e-con e-child" data-id="33251eeb" data-element_type="container" data-e-type="container">
				<div class="vamtam-has-theme-widget-styles elementor-element elementor-element-3cfaa905 elementor-widget elementor-widget-heading" data-id="3cfaa905" data-element_type="widget" data-e-type="widget" data-widget_type="heading.default">
				<div class="elementor-widget-container">
					<h6 class="elementor-heading-title elementor-size-default">Bio</h6>				</div>
				</div>
				<div class="elementor-element elementor-element-630ed856 elementor-widget elementor-widget-text-editor" data-id="630ed856" data-element_type="widget" data-e-type="widget" data-widget_type="text-editor.default">
				<div class="elementor-widget-container">
									<p class="" data-start="0" data-end="584">Gabriela Aceves Sepúlveda es una artista de medios y historiadora mexicana radicada en Canadá. Su investigación se centra en las historias de mujeres y feminismo(s) en la intersección del arte, los medios, la ciencia y la tecnología, con un enfoque particular en artistas latinoamericanos. Es autora del libro galardonado <em data-start="322" data-end="386">Women Made Visible: Feminist Art and Media in post-1968 Mexico</em> (Nebraska Press, 2019) y coeditora de <em data-start="425" data-end="539">Diffracting the North: Contemporary Latinx Canadian Experiences and Practices in Film, New Media and Visual Arts</em> (Concordia Press, de próxima publicación).</p><p class="" data-start="586" data-end="1056">Sus publicaciones académicas sobre arte mediático feminista, prácticas archivísticas, estudios del sonido, investigación-creación y arte latinoamericano y sus diásporas aparecen en numerosos volúmenes editados y en revistas como <em data-start="815" data-end="853">The Feminist Media Histories Journal</em>, <em data-start="855" data-end="879">Leonardo Music Journal</em>, <em data-start="881" data-end="927">Media-N: the Journal of the New Media Caucus</em>, <em data-start="929" data-end="986">The Journal of Latin American and Latinx Visual Culture</em>, <em data-start="988" data-end="1040">Technoetic Arts: A Journal of Speculative Research</em>, entre otras.</p><p class="" data-start="1058" data-end="1686">Su práctica de investigación-creación se enfoca en la producción de proyectos multimedia colaborativos que investigan el cuerpo como un sitio de inscripciones culturales, de género y tecno-científicas. Aceves Sepúlveda es profesora asociada en la School of Interactive Arts and Technology de la Universidad Simon Fraser, en Canadá, ubicada en el territorio no cedido de los pueblos indígenas Sḵwx̱wú7mesh (Squamish), Stó:lō, Səl̓ílwətaʔ (Tsleil-Waututh) y xʷməθkʷəy̓əm (Musqueam). Es directora del estudio de investigación-creación Critical-Media-Art-Studio (cMAS) y enseña producción, teoría e historia de las artes mediáticas.</p>								</div>
				</div>
				</div>
		<div class="elementor-element elementor-element-292f631a e-con-full e-flex e-con e-child" data-id="292f631a" data-element_type="container" data-e-type="container">
				<div class="elementor-element elementor-element-3c887553 elementor-widget__width-inherit elementor-widget elementor-widget-image" data-id="3c887553" data-element_type="widget" data-e-type="widget" data-widget_type="image.default">
				<div class="elementor-widget-container">
															<img fetchpriority="high" decoding="async" width="447" height="536" src="https://www.festivaldelaimagen.com/wp-content/uploads/2026/02/invitado_6.png" class="attachment-large size-large wp-image-987942" alt="Invitado" srcset="https://www.festivaldelaimagen.com/wp-content/uploads/2026/02/invitado_6.png 447w, https://www.festivaldelaimagen.com/wp-content/uploads/2026/02/invitado_6-250x300.png 250w" sizes="(max-width: 447px) 100vw, 447px" />															</div>
				</div>
				</div>
					</div>
				</div>
				</div>
