{"id":988776,"date":"2026-04-06T15:21:52","date_gmt":"2026-04-06T20:21:52","guid":{"rendered":"https:\/\/festivaldelaimagen.com\/rediseno\/?page_id=988776"},"modified":"2026-04-06T15:22:53","modified_gmt":"2026-04-06T20:22:53","slug":"juan-carlos-ortiz","status":"publish","type":"page","link":"https:\/\/www.festivaldelaimagen.com\/?page_id=988776","title":{"rendered":"Juan Carlos Ortiz"},"content":{"rendered":"\t\t<div data-elementor-type=\"wp-page\" data-elementor-id=\"988776\" class=\"elementor elementor-988776\" data-elementor-post-type=\"page\">\n\t\t\t\t<div class=\"elementor-element elementor-element-1889a99 e-flex e-con-boxed e-con e-parent\" data-id=\"1889a99\" data-element_type=\"container\" data-e-type=\"container\">\n\t\t\t\t\t<div class=\"e-con-inner\">\n\t\t<div class=\"elementor-element elementor-element-33251eeb e-con-full e-flex e-con e-child\" data-id=\"33251eeb\" data-element_type=\"container\" data-e-type=\"container\">\n\t\t\t\t<div class=\"vamtam-has-theme-widget-styles elementor-element elementor-element-3cfaa905 elementor-widget elementor-widget-heading\" data-id=\"3cfaa905\" data-element_type=\"widget\" data-e-type=\"widget\" data-widget_type=\"heading.default\">\n\t\t\t\t<div class=\"elementor-widget-container\">\n\t\t\t\t\t<h6 class=\"elementor-heading-title elementor-size-default\">Bio<\/h6>\t\t\t\t<\/div>\n\t\t\t\t<\/div>\n\t\t\t\t<div class=\"elementor-element elementor-element-630ed856 elementor-widget elementor-widget-text-editor\" data-id=\"630ed856\" data-element_type=\"widget\" data-e-type=\"widget\" data-widget_type=\"text-editor.default\">\n\t\t\t\t<div class=\"elementor-widget-container\">\n\t\t\t\t\t\t\t\t\t<div dir=\"ltr\"><p class=\"\" data-start=\"191\" data-end=\"663\">Juan Carlos Ortiz es un pionero de la publicidad colombiana con proyecci\u00f3n internacional. Fue el primer latinoamericano en presidir una multinacional publicitaria en EE. UU., liderando Leo Burnett Estados Unidos, y m\u00e1s adelante cre\u00f3 y dirigi\u00f3 DDB Latina, consolidando una red creativa \u00fanica que abarca EE. UU., Am\u00e9rica Latina y Espa\u00f1a. En 2022 asumi\u00f3 el liderazgo creativo global de DDB Worldwide, llev\u00e1ndola a ser reconocida como la red m\u00e1s creativa en Cannes Lions 2023.<\/p><p class=\"\" data-start=\"665\" data-end=\"903\">Es el creador de Bullseye, un sistema de medici\u00f3n cultural y creativo hoy adoptado globalmente por DDB. Bajo su liderazgo, la red ha sido reconocida m\u00faltiples veces en festivales como Cannes Lions, El Ojo de Iberoam\u00e9rica y los Effies.<\/p><p class=\"\" data-start=\"905\" data-end=\"1316\">Ortiz tambi\u00e9n es recordado por haber ganado el primer Le\u00f3n de Oro en la historia de Colombia y ha recibido reconocimientos como Joven L\u00edder Global por el Foro Econ\u00f3mico Mundial y miembro del Hall of Achievement de la American Advertising Federation. Ha sido jurado y conferencista en los festivales m\u00e1s importantes del mundo y en 2024 fue nombrado Leyenda de la Publicidad por el Festival El Dorado.<\/p><p class=\"\" data-start=\"1318\" data-end=\"1590\">Adem\u00e1s de su carrera publicitaria, es autor de la trilog\u00eda\u00a0<em data-start=\"1377\" data-end=\"1392\">Shorts\/Cortos<\/em>, publicada por Forbes como \u201cel libro postmoderno\u201d, y es columnista de\u00a0<em data-start=\"1463\" data-end=\"1478\">El Espectador<\/em>\u00a0desde 2008. Hoy es parte del emprendimiento SPIN, una innovadora red de clubes sociales de ping pong en EE. UU.<\/p><\/div>\t\t\t\t\t\t\t\t<\/div>\n\t\t\t\t<\/div>\n\t\t\t\t<\/div>\n\t\t<div class=\"elementor-element elementor-element-292f631a e-con-full e-flex e-con e-child\" data-id=\"292f631a\" data-element_type=\"container\" data-e-type=\"container\">\n\t\t\t\t<div class=\"elementor-element elementor-element-3c887553 elementor-widget__width-inherit elementor-widget elementor-widget-image\" data-id=\"3c887553\" data-element_type=\"widget\" data-e-type=\"widget\" data-widget_type=\"image.default\">\n\t\t\t\t<div class=\"elementor-widget-container\">\n\t\t\t\t\t\t\t\t\t\t\t\t\t\t\t<img fetchpriority=\"high\" decoding=\"async\" width=\"447\" height=\"536\" src=\"https:\/\/www.festivaldelaimagen.com\/wp-content\/uploads\/2026\/03\/juan-carlos.png\" class=\"attachment-large size-large wp-image-988345\" alt=\"\" srcset=\"https:\/\/www.festivaldelaimagen.com\/wp-content\/uploads\/2026\/03\/juan-carlos.png 447w, https:\/\/www.festivaldelaimagen.com\/wp-content\/uploads\/2026\/03\/juan-carlos-250x300.png 250w\" sizes=\"(max-width: 447px) 100vw, 447px\" \/>\t\t\t\t\t\t\t\t\t\t\t\t\t\t\t<\/div>\n\t\t\t\t<\/div>\n\t\t\t\t<\/div>\n\t\t\t\t\t<\/div>\n\t\t\t\t<\/div>\n\t\t\t\t<\/div>\n\t\t","protected":false},"excerpt":{"rendered":"<p>Eloquent portraits capturing the essence of diverse beauty.<\/p>\n","protected":false},"author":1,"featured_media":15865,"parent":4604,"menu_order":0,"comment_status":"closed","ping_status":"closed","template":"","meta":{"footnotes":""},"class_list":["post-988776","page","type-page","status-publish","has-post-thumbnail","hentry"],"_links":{"self":[{"href":"https:\/\/www.festivaldelaimagen.com\/index.php?rest_route=\/wp\/v2\/pages\/988776","targetHints":{"allow":["GET"]}}],"collection":[{"href":"https:\/\/www.festivaldelaimagen.com\/index.php?rest_route=\/wp\/v2\/pages"}],"about":[{"href":"https:\/\/www.festivaldelaimagen.com\/index.php?rest_route=\/wp\/v2\/types\/page"}],"author":[{"embeddable":true,"href":"https:\/\/www.festivaldelaimagen.com\/index.php?rest_route=\/wp\/v2\/users\/1"}],"replies":[{"embeddable":true,"href":"https:\/\/www.festivaldelaimagen.com\/index.php?rest_route=%2Fwp%2Fv2%2Fcomments&post=988776"}],"version-history":[{"count":4,"href":"https:\/\/www.festivaldelaimagen.com\/index.php?rest_route=\/wp\/v2\/pages\/988776\/revisions"}],"predecessor-version":[{"id":988780,"href":"https:\/\/www.festivaldelaimagen.com\/index.php?rest_route=\/wp\/v2\/pages\/988776\/revisions\/988780"}],"up":[{"embeddable":true,"href":"https:\/\/www.festivaldelaimagen.com\/index.php?rest_route=\/wp\/v2\/pages\/4604"}],"wp:featuredmedia":[{"embeddable":true,"href":"https:\/\/www.festivaldelaimagen.com\/index.php?rest_route=\/wp\/v2\/media\/15865"}],"wp:attachment":[{"href":"https:\/\/www.festivaldelaimagen.com\/index.php?rest_route=%2Fwp%2Fv2%2Fmedia&parent=988776"}],"curies":[{"name":"wp","href":"https:\/\/api.w.org\/{rel}","templated":true}]}}

<div data-elementor-type="wp-page" data-elementor-id="988776" class="elementor elementor-988776" data-elementor-post-type="page">
				<div class="elementor-element elementor-element-1889a99 e-flex e-con-boxed e-con e-parent" data-id="1889a99" data-element_type="container" data-e-type="container">
					<div class="e-con-inner">
		<div class="elementor-element elementor-element-33251eeb e-con-full e-flex e-con e-child" data-id="33251eeb" data-element_type="container" data-e-type="container">
				<div class="vamtam-has-theme-widget-styles elementor-element elementor-element-3cfaa905 elementor-widget elementor-widget-heading" data-id="3cfaa905" data-element_type="widget" data-e-type="widget" data-widget_type="heading.default">
				<div class="elementor-widget-container">
					<h6 class="elementor-heading-title elementor-size-default">Bio</h6>				</div>
				</div>
				<div class="elementor-element elementor-element-630ed856 elementor-widget elementor-widget-text-editor" data-id="630ed856" data-element_type="widget" data-e-type="widget" data-widget_type="text-editor.default">
				<div class="elementor-widget-container">
									<div dir="ltr"><p class="" data-start="191" data-end="663">Juan Carlos Ortiz es un pionero de la publicidad colombiana con proyección internacional. Fue el primer latinoamericano en presidir una multinacional publicitaria en EE. UU., liderando Leo Burnett Estados Unidos, y más adelante creó y dirigió DDB Latina, consolidando una red creativa única que abarca EE. UU., América Latina y España. En 2022 asumió el liderazgo creativo global de DDB Worldwide, llevándola a ser reconocida como la red más creativa en Cannes Lions 2023.</p><p class="" data-start="665" data-end="903">Es el creador de Bullseye, un sistema de medición cultural y creativo hoy adoptado globalmente por DDB. Bajo su liderazgo, la red ha sido reconocida múltiples veces en festivales como Cannes Lions, El Ojo de Iberoamérica y los Effies.</p><p class="" data-start="905" data-end="1316">Ortiz también es recordado por haber ganado el primer León de Oro en la historia de Colombia y ha recibido reconocimientos como Joven Líder Global por el Foro Económico Mundial y miembro del Hall of Achievement de la American Advertising Federation. Ha sido jurado y conferencista en los festivales más importantes del mundo y en 2024 fue nombrado Leyenda de la Publicidad por el Festival El Dorado.</p><p class="" data-start="1318" data-end="1590">Además de su carrera publicitaria, es autor de la trilogía <em data-start="1377" data-end="1392">Shorts/Cortos</em>, publicada por Forbes como “el libro postmoderno”, y es columnista de <em data-start="1463" data-end="1478">El Espectador</em> desde 2008. Hoy es parte del emprendimiento SPIN, una innovadora red de clubes sociales de ping pong en EE. UU.</p></div>								</div>
				</div>
				</div>
		<div class="elementor-element elementor-element-292f631a e-con-full e-flex e-con e-child" data-id="292f631a" data-element_type="container" data-e-type="container">
				<div class="elementor-element elementor-element-3c887553 elementor-widget__width-inherit elementor-widget elementor-widget-image" data-id="3c887553" data-element_type="widget" data-e-type="widget" data-widget_type="image.default">
				<div class="elementor-widget-container">
															<img fetchpriority="high" decoding="async" width="447" height="536" src="https://www.festivaldelaimagen.com/wp-content/uploads/2026/03/juan-carlos.png" class="attachment-large size-large wp-image-988345" alt="" srcset="https://www.festivaldelaimagen.com/wp-content/uploads/2026/03/juan-carlos.png 447w, https://www.festivaldelaimagen.com/wp-content/uploads/2026/03/juan-carlos-250x300.png 250w" sizes="(max-width: 447px) 100vw, 447px" />															</div>
				</div>
				</div>
					</div>
				</div>
				</div>
