{"id":988766,"date":"2026-04-06T15:15:12","date_gmt":"2026-04-06T20:15:12","guid":{"rendered":"https:\/\/festivaldelaimagen.com\/rediseno\/?page_id=988766"},"modified":"2026-04-06T15:20:55","modified_gmt":"2026-04-06T20:20:55","slug":"jose-carlos-mariategui","status":"publish","type":"page","link":"https:\/\/www.festivaldelaimagen.com\/?page_id=988766","title":{"rendered":"Jos\u00e9 Carlos Mari\u00e1tegui"},"content":{"rendered":"\t\t<div data-elementor-type=\"wp-page\" data-elementor-id=\"988766\" class=\"elementor elementor-988766\" data-elementor-post-type=\"page\">\n\t\t\t\t<div class=\"elementor-element elementor-element-1889a99 e-flex e-con-boxed e-con e-parent\" data-id=\"1889a99\" data-element_type=\"container\" data-e-type=\"container\">\n\t\t\t\t\t<div class=\"e-con-inner\">\n\t\t<div class=\"elementor-element elementor-element-33251eeb e-con-full e-flex e-con e-child\" data-id=\"33251eeb\" data-element_type=\"container\" data-e-type=\"container\">\n\t\t\t\t<div class=\"vamtam-has-theme-widget-styles elementor-element elementor-element-3cfaa905 elementor-widget elementor-widget-heading\" data-id=\"3cfaa905\" data-element_type=\"widget\" data-e-type=\"widget\" data-widget_type=\"heading.default\">\n\t\t\t\t<div class=\"elementor-widget-container\">\n\t\t\t\t\t<h6 class=\"elementor-heading-title elementor-size-default\">Bio<\/h6>\t\t\t\t<\/div>\n\t\t\t\t<\/div>\n\t\t\t\t<div class=\"elementor-element elementor-element-630ed856 elementor-widget elementor-widget-text-editor\" data-id=\"630ed856\" data-element_type=\"widget\" data-e-type=\"widget\" data-widget_type=\"text-editor.default\">\n\t\t\t\t<div class=\"elementor-widget-container\">\n\t\t\t\t\t\t\t\t\t<div dir=\"ltr\"><p class=\"\" data-start=\"0\" data-end=\"394\">Jos\u00e9-Carlos Mari\u00e1tegui es escritor, curador, docente y emprendedor en cultura y tecnolog\u00eda. Estudi\u00f3 Biolog\u00eda y Matem\u00e1ticas y tiene una Maestr\u00eda y Doctorado en Sistemas de Informaci\u00f3n e Innovaci\u00f3n, ambos por la London School of Economics and Political Science \u2013 LSE (Londres). Fundador de Alta Tecnolog\u00eda Andina \u2013 ATA, dedicada a proyectos en arte, ciencia y tecnolog\u00eda en Am\u00e9rica Latina.\u00a0 Es profesor en LUISS (Roma), Senior Research Fellow en el Department of Media and Communications de LSE, Board Member de Future Everything (UK), Board Member (Kuratorium) del ZKM Center for Art and Media Karlsruhe (Alemania) y residente del Bellagio Center de la Rockefeller Foundation (2025). Es Presidente del Comit\u00e9 de Educaci\u00f3n del Museo de Arte de Lima \u2013 MALI donde adem\u00e1s lidera su estrategia digital.\u00a0<\/p><p class=\"\" data-start=\"0\" data-end=\"394\">Ha publicado en revistas como\u00a0<i>AI &amp; Society<\/i>,\u00a0<i>Third Text<\/i>,\u00a0<i>The Information Society<\/i>,\u00a0<i>Telos<\/i>\u00a0y\u00a0<i>Leonardo.\u00a0\u00a0<\/i>Su investigaci\u00f3n multidisciplinar abarca la arqueolog\u00eda de los medios, cibern\u00e9tica, digitalizaci\u00f3n, archivos y el impacto de la tecnolog\u00eda en instituciones de memoria.<\/p><p class=\"\" data-start=\"0\" data-end=\"394\">Ha co-editado un n\u00famero de\u00a0<i>AI &amp; Society<\/i>\u00a0sobre la cibern\u00e9tica en Am\u00e9rica Latina (2022) y editardo el libro\u00a0<i>Museo Digital Inteligencias y artificios<\/i>\u00a0para el MUAC (M\u00e9xico, 2025). Ha comisariado proyectos de arte y tecnolog\u00eda a nivel internacional durante m\u00e1s de dos d\u00e9cadas.<\/p><p class=\"\" data-start=\"0\" data-end=\"394\">Recientemente ha curado:\u00a0<i>Rosa Barba. Evocando un espacio m\u00e1s all\u00e1 del cine<\/i>, Museo de Arte de Lima \u2013 MALI, 2024;\u00a0<i>ARTEONICA*: Art, Science, and Technology in Latin America Today<\/i>\u00a0(con Gabriela Urtiaga y Rodrigo Alonso), MOLAA (California), 2024-2025; y,\u00a0<i>El Incondicionado Desocultamiento: Las Experimentaciones Audiovisuales De Rafael Hastings,\u00a0<\/i>ICPNA (Lima), 2025.<\/p><\/div>\t\t\t\t\t\t\t\t<\/div>\n\t\t\t\t<\/div>\n\t\t\t\t<\/div>\n\t\t<div class=\"elementor-element elementor-element-292f631a e-con-full e-flex e-con e-child\" data-id=\"292f631a\" data-element_type=\"container\" data-e-type=\"container\">\n\t\t\t\t<div class=\"elementor-element elementor-element-3c887553 elementor-widget__width-inherit elementor-widget elementor-widget-image\" data-id=\"3c887553\" data-element_type=\"widget\" data-e-type=\"widget\" data-widget_type=\"image.default\">\n\t\t\t\t<div class=\"elementor-widget-container\">\n\t\t\t\t\t\t\t\t\t\t\t\t\t\t\t<img fetchpriority=\"high\" decoding=\"async\" width=\"447\" height=\"536\" src=\"https:\/\/www.festivaldelaimagen.com\/wp-content\/uploads\/2026\/02\/invitado_11.png\" class=\"attachment-large size-large wp-image-987957\" alt=\"Invitado\" srcset=\"https:\/\/www.festivaldelaimagen.com\/wp-content\/uploads\/2026\/02\/invitado_11.png 447w, https:\/\/www.festivaldelaimagen.com\/wp-content\/uploads\/2026\/02\/invitado_11-250x300.png 250w\" sizes=\"(max-width: 447px) 100vw, 447px\" \/>\t\t\t\t\t\t\t\t\t\t\t\t\t\t\t<\/div>\n\t\t\t\t<\/div>\n\t\t\t\t<\/div>\n\t\t\t\t\t<\/div>\n\t\t\t\t<\/div>\n\t\t\t\t<\/div>\n\t\t","protected":false},"excerpt":{"rendered":"<p>Eloquent portraits capturing the essence of diverse beauty.<\/p>\n","protected":false},"author":1,"featured_media":15865,"parent":4604,"menu_order":0,"comment_status":"closed","ping_status":"closed","template":"","meta":{"footnotes":""},"class_list":["post-988766","page","type-page","status-publish","has-post-thumbnail","hentry"],"_links":{"self":[{"href":"https:\/\/www.festivaldelaimagen.com\/index.php?rest_route=\/wp\/v2\/pages\/988766","targetHints":{"allow":["GET"]}}],"collection":[{"href":"https:\/\/www.festivaldelaimagen.com\/index.php?rest_route=\/wp\/v2\/pages"}],"about":[{"href":"https:\/\/www.festivaldelaimagen.com\/index.php?rest_route=\/wp\/v2\/types\/page"}],"author":[{"embeddable":true,"href":"https:\/\/www.festivaldelaimagen.com\/index.php?rest_route=\/wp\/v2\/users\/1"}],"replies":[{"embeddable":true,"href":"https:\/\/www.festivaldelaimagen.com\/index.php?rest_route=%2Fwp%2Fv2%2Fcomments&post=988766"}],"version-history":[{"count":7,"href":"https:\/\/www.festivaldelaimagen.com\/index.php?rest_route=\/wp\/v2\/pages\/988766\/revisions"}],"predecessor-version":[{"id":988775,"href":"https:\/\/www.festivaldelaimagen.com\/index.php?rest_route=\/wp\/v2\/pages\/988766\/revisions\/988775"}],"up":[{"embeddable":true,"href":"https:\/\/www.festivaldelaimagen.com\/index.php?rest_route=\/wp\/v2\/pages\/4604"}],"wp:featuredmedia":[{"embeddable":true,"href":"https:\/\/www.festivaldelaimagen.com\/index.php?rest_route=\/wp\/v2\/media\/15865"}],"wp:attachment":[{"href":"https:\/\/www.festivaldelaimagen.com\/index.php?rest_route=%2Fwp%2Fv2%2Fmedia&parent=988766"}],"curies":[{"name":"wp","href":"https:\/\/api.w.org\/{rel}","templated":true}]}}

José Carlos Mariátegui

<div data-elementor-type="wp-page" data-elementor-id="988766" class="elementor elementor-988766" data-elementor-post-type="page">
				<div class="elementor-element elementor-element-1889a99 e-flex e-con-boxed e-con e-parent" data-id="1889a99" data-element_type="container" data-e-type="container">
					<div class="e-con-inner">
		<div class="elementor-element elementor-element-33251eeb e-con-full e-flex e-con e-child" data-id="33251eeb" data-element_type="container" data-e-type="container">
				<div class="vamtam-has-theme-widget-styles elementor-element elementor-element-3cfaa905 elementor-widget elementor-widget-heading" data-id="3cfaa905" data-element_type="widget" data-e-type="widget" data-widget_type="heading.default">
				<div class="elementor-widget-container">
					<h6 class="elementor-heading-title elementor-size-default">Bio</h6>				</div>
				</div>
				<div class="elementor-element elementor-element-630ed856 elementor-widget elementor-widget-text-editor" data-id="630ed856" data-element_type="widget" data-e-type="widget" data-widget_type="text-editor.default">
				<div class="elementor-widget-container">
									<div dir="ltr"><p class="" data-start="0" data-end="394">José-Carlos Mariátegui es escritor, curador, docente y emprendedor en cultura y tecnología. Estudió Biología y Matemáticas y tiene una Maestría y Doctorado en Sistemas de Información e Innovación, ambos por la London School of Economics and Political Science – LSE (Londres). Fundador de Alta Tecnología Andina – ATA, dedicada a proyectos en arte, ciencia y tecnología en América Latina.  Es profesor en LUISS (Roma), Senior Research Fellow en el Department of Media and Communications de LSE, Board Member de Future Everything (UK), Board Member (Kuratorium) del ZKM Center for Art and Media Karlsruhe (Alemania) y residente del Bellagio Center de la Rockefeller Foundation (2025). Es Presidente del Comité de Educación del Museo de Arte de Lima – MALI donde además lidera su estrategia digital. </p><p class="" data-start="0" data-end="394">Ha publicado en revistas como <i>AI &amp; Society</i>, <i>Third Text</i>, <i>The Information Society</i>, <i>Telos</i> y <i>Leonardo.  </i>Su investigación multidisciplinar abarca la arqueología de los medios, cibernética, digitalización, archivos y el impacto de la tecnología en instituciones de memoria.</p><p class="" data-start="0" data-end="394">Ha co-editado un número de <i>AI &amp; Society</i> sobre la cibernética en América Latina (2022) y editardo el libro <i>Museo Digital Inteligencias y artificios</i> para el MUAC (México, 2025). Ha comisariado proyectos de arte y tecnología a nivel internacional durante más de dos décadas.</p><p class="" data-start="0" data-end="394">Recientemente ha curado: <i>Rosa Barba. Evocando un espacio más allá del cine</i>, Museo de Arte de Lima – MALI, 2024; <i>ARTEONICA*: Art, Science, and Technology in Latin America Today</i> (con Gabriela Urtiaga y Rodrigo Alonso), MOLAA (California), 2024-2025; y, <i>El Incondicionado Desocultamiento: Las Experimentaciones Audiovisuales De Rafael Hastings, </i>ICPNA (Lima), 2025.</p></div>								</div>
				</div>
				</div>
		<div class="elementor-element elementor-element-292f631a e-con-full e-flex e-con e-child" data-id="292f631a" data-element_type="container" data-e-type="container">
				<div class="elementor-element elementor-element-3c887553 elementor-widget__width-inherit elementor-widget elementor-widget-image" data-id="3c887553" data-element_type="widget" data-e-type="widget" data-widget_type="image.default">
				<div class="elementor-widget-container">
															<img fetchpriority="high" decoding="async" width="447" height="536" src="https://www.festivaldelaimagen.com/wp-content/uploads/2026/02/invitado_11.png" class="attachment-large size-large wp-image-987957" alt="Invitado" srcset="https://www.festivaldelaimagen.com/wp-content/uploads/2026/02/invitado_11.png 447w, https://www.festivaldelaimagen.com/wp-content/uploads/2026/02/invitado_11-250x300.png 250w" sizes="(max-width: 447px) 100vw, 447px" />															</div>
				</div>
				</div>
					</div>
				</div>
				</div>
