{"id":988761,"date":"2026-04-06T15:06:07","date_gmt":"2026-04-06T20:06:07","guid":{"rendered":"https:\/\/festivaldelaimagen.com\/rediseno\/?page_id=988761"},"modified":"2026-04-06T15:07:08","modified_gmt":"2026-04-06T20:07:08","slug":"oliver-grau","status":"publish","type":"page","link":"https:\/\/www.festivaldelaimagen.com\/?page_id=988761","title":{"rendered":"Oliver Grau"},"content":{"rendered":"\t\t<div data-elementor-type=\"wp-page\" data-elementor-id=\"988761\" class=\"elementor elementor-988761\" data-elementor-post-type=\"page\">\n\t\t\t\t<div class=\"elementor-element elementor-element-1889a99 e-flex e-con-boxed e-con e-parent\" data-id=\"1889a99\" data-element_type=\"container\" data-e-type=\"container\">\n\t\t\t\t\t<div class=\"e-con-inner\">\n\t\t<div class=\"elementor-element elementor-element-33251eeb e-con-full e-flex e-con e-child\" data-id=\"33251eeb\" data-element_type=\"container\" data-e-type=\"container\">\n\t\t\t\t<div class=\"vamtam-has-theme-widget-styles elementor-element elementor-element-3cfaa905 elementor-widget elementor-widget-heading\" data-id=\"3cfaa905\" data-element_type=\"widget\" data-e-type=\"widget\" data-widget_type=\"heading.default\">\n\t\t\t\t<div class=\"elementor-widget-container\">\n\t\t\t\t\t<h6 class=\"elementor-heading-title elementor-size-default\">Bio<\/h6>\t\t\t\t<\/div>\n\t\t\t\t<\/div>\n\t\t\t\t<div class=\"elementor-element elementor-element-630ed856 elementor-widget elementor-widget-text-editor\" data-id=\"630ed856\" data-element_type=\"widget\" data-e-type=\"widget\" data-widget_type=\"text-editor.default\">\n\t\t\t\t<div class=\"elementor-widget-container\">\n\t\t\t\t\t\t\t\t\t<div dir=\"ltr\"><p class=\"\" data-start=\"0\" data-end=\"394\">20 a\u00f1os de C\u00e1tedras en Historia del Arte y Ciencia de la Imagen en universidades internacionales. Miembro electo de la Academia Europaea. M\u00e1s de 350 conferencias y charlas magistrales invitadas en conferencias, incluyendo el programa cultural de los Juegos Ol\u00edmpicos y la Cumbre del G-20. Grau fund\u00f3 y es director del extenso Archivo Internacional de Arte Digital, ADA:\u00a0<a target=\"_new\" rel=\"noopener\" data-start=\"370\" data-end=\"395\">www.archive-digitalart.eu<\/a><br data-start=\"395\" data-end=\"398\" \/>El libro de Grau \u201cVirtual Art. From Illusion to Immersion\u201d, MIT-Press (Libro del Mes de Nature y Scientific American) es uno de los libros de historia del arte m\u00e1s citados internacionalmente desde el a\u00f1o 2000, con m\u00e1s de 3000 citas. Ofreci\u00f3 la primera evoluci\u00f3n hist\u00f3rica en la teor\u00eda de la inmersi\u00f3n en la relaci\u00f3n imagen-espectador y un an\u00e1lisis sistem\u00e1tico de la tr\u00edada de artista, obra de arte y espectador en el arte digital. Grau fue director fundador y es presidente de la junta de la serie de conferencias MediaArtHistories. Ha recibido varios premios, y sus numerosas publicaciones han sido traducidas a 15 idiomas. Su principal \u00e1rea de investigaci\u00f3n est\u00e1 en las historias del arte medi\u00e1tico, las im\u00e1genes inmersivas, el arte y la emoci\u00f3n, la historia de la vida artificial\/inteligencia y las humanidades digitales. Grau desarroll\u00f3 nuevos planes de estudio internacionales: MA en MediaArtHistories, Ciencia de la Imagen, Gesti\u00f3n de Colecciones Digitales, y el programa Erasmus MediaArtsCultures, que est\u00e1 respaldado por la UE con 5.5 millones de euros.<\/p><\/div>\t\t\t\t\t\t\t\t<\/div>\n\t\t\t\t<\/div>\n\t\t\t\t<\/div>\n\t\t<div class=\"elementor-element elementor-element-292f631a e-con-full e-flex e-con e-child\" data-id=\"292f631a\" data-element_type=\"container\" data-e-type=\"container\">\n\t\t\t\t<div class=\"elementor-element elementor-element-3c887553 elementor-widget__width-inherit elementor-widget elementor-widget-image\" data-id=\"3c887553\" data-element_type=\"widget\" data-e-type=\"widget\" data-widget_type=\"image.default\">\n\t\t\t\t<div class=\"elementor-widget-container\">\n\t\t\t\t\t\t\t\t\t\t\t\t\t\t\t<img fetchpriority=\"high\" decoding=\"async\" width=\"447\" height=\"536\" src=\"https:\/\/www.festivaldelaimagen.com\/wp-content\/uploads\/2026\/02\/invitado_10.png\" class=\"attachment-large size-large wp-image-987956\" alt=\"Invitado\" srcset=\"https:\/\/www.festivaldelaimagen.com\/wp-content\/uploads\/2026\/02\/invitado_10.png 447w, https:\/\/www.festivaldelaimagen.com\/wp-content\/uploads\/2026\/02\/invitado_10-250x300.png 250w\" sizes=\"(max-width: 447px) 100vw, 447px\" \/>\t\t\t\t\t\t\t\t\t\t\t\t\t\t\t<\/div>\n\t\t\t\t<\/div>\n\t\t\t\t<\/div>\n\t\t\t\t\t<\/div>\n\t\t\t\t<\/div>\n\t\t\t\t<\/div>\n\t\t","protected":false},"excerpt":{"rendered":"<p>Eloquent portraits capturing the essence of diverse beauty.<\/p>\n","protected":false},"author":1,"featured_media":15865,"parent":4604,"menu_order":0,"comment_status":"closed","ping_status":"closed","template":"","meta":{"footnotes":""},"class_list":["post-988761","page","type-page","status-publish","has-post-thumbnail","hentry"],"_links":{"self":[{"href":"https:\/\/www.festivaldelaimagen.com\/index.php?rest_route=\/wp\/v2\/pages\/988761","targetHints":{"allow":["GET"]}}],"collection":[{"href":"https:\/\/www.festivaldelaimagen.com\/index.php?rest_route=\/wp\/v2\/pages"}],"about":[{"href":"https:\/\/www.festivaldelaimagen.com\/index.php?rest_route=\/wp\/v2\/types\/page"}],"author":[{"embeddable":true,"href":"https:\/\/www.festivaldelaimagen.com\/index.php?rest_route=\/wp\/v2\/users\/1"}],"replies":[{"embeddable":true,"href":"https:\/\/www.festivaldelaimagen.com\/index.php?rest_route=%2Fwp%2Fv2%2Fcomments&post=988761"}],"version-history":[{"count":4,"href":"https:\/\/www.festivaldelaimagen.com\/index.php?rest_route=\/wp\/v2\/pages\/988761\/revisions"}],"predecessor-version":[{"id":988765,"href":"https:\/\/www.festivaldelaimagen.com\/index.php?rest_route=\/wp\/v2\/pages\/988761\/revisions\/988765"}],"up":[{"embeddable":true,"href":"https:\/\/www.festivaldelaimagen.com\/index.php?rest_route=\/wp\/v2\/pages\/4604"}],"wp:featuredmedia":[{"embeddable":true,"href":"https:\/\/www.festivaldelaimagen.com\/index.php?rest_route=\/wp\/v2\/media\/15865"}],"wp:attachment":[{"href":"https:\/\/www.festivaldelaimagen.com\/index.php?rest_route=%2Fwp%2Fv2%2Fmedia&parent=988761"}],"curies":[{"name":"wp","href":"https:\/\/api.w.org\/{rel}","templated":true}]}}

<div data-elementor-type="wp-page" data-elementor-id="988761" class="elementor elementor-988761" data-elementor-post-type="page">
				<div class="elementor-element elementor-element-1889a99 e-flex e-con-boxed e-con e-parent" data-id="1889a99" data-element_type="container" data-e-type="container">
					<div class="e-con-inner">
		<div class="elementor-element elementor-element-33251eeb e-con-full e-flex e-con e-child" data-id="33251eeb" data-element_type="container" data-e-type="container">
				<div class="vamtam-has-theme-widget-styles elementor-element elementor-element-3cfaa905 elementor-widget elementor-widget-heading" data-id="3cfaa905" data-element_type="widget" data-e-type="widget" data-widget_type="heading.default">
				<div class="elementor-widget-container">
					<h6 class="elementor-heading-title elementor-size-default">Bio</h6>				</div>
				</div>
				<div class="elementor-element elementor-element-630ed856 elementor-widget elementor-widget-text-editor" data-id="630ed856" data-element_type="widget" data-e-type="widget" data-widget_type="text-editor.default">
				<div class="elementor-widget-container">
									<div dir="ltr"><p class="" data-start="0" data-end="394">20 años de Cátedras en Historia del Arte y Ciencia de la Imagen en universidades internacionales. Miembro electo de la Academia Europaea. Más de 350 conferencias y charlas magistrales invitadas en conferencias, incluyendo el programa cultural de los Juegos Olímpicos y la Cumbre del G-20. Grau fundó y es director del extenso Archivo Internacional de Arte Digital, ADA: <a target="_new" rel="noopener" data-start="370" data-end="395">www.archive-digitalart.eu</a><br data-start="395" data-end="398" />El libro de Grau “Virtual Art. From Illusion to Immersion”, MIT-Press (Libro del Mes de Nature y Scientific American) es uno de los libros de historia del arte más citados internacionalmente desde el año 2000, con más de 3000 citas. Ofreció la primera evolución histórica en la teoría de la inmersión en la relación imagen-espectador y un análisis sistemático de la tríada de artista, obra de arte y espectador en el arte digital. Grau fue director fundador y es presidente de la junta de la serie de conferencias MediaArtHistories. Ha recibido varios premios, y sus numerosas publicaciones han sido traducidas a 15 idiomas. Su principal área de investigación está en las historias del arte mediático, las imágenes inmersivas, el arte y la emoción, la historia de la vida artificial/inteligencia y las humanidades digitales. Grau desarrolló nuevos planes de estudio internacionales: MA en MediaArtHistories, Ciencia de la Imagen, Gestión de Colecciones Digitales, y el programa Erasmus MediaArtsCultures, que está respaldado por la UE con 5.5 millones de euros.</p></div>								</div>
				</div>
				</div>
		<div class="elementor-element elementor-element-292f631a e-con-full e-flex e-con e-child" data-id="292f631a" data-element_type="container" data-e-type="container">
				<div class="elementor-element elementor-element-3c887553 elementor-widget__width-inherit elementor-widget elementor-widget-image" data-id="3c887553" data-element_type="widget" data-e-type="widget" data-widget_type="image.default">
				<div class="elementor-widget-container">
															<img fetchpriority="high" decoding="async" width="447" height="536" src="https://www.festivaldelaimagen.com/wp-content/uploads/2026/02/invitado_10.png" class="attachment-large size-large wp-image-987956" alt="Invitado" srcset="https://www.festivaldelaimagen.com/wp-content/uploads/2026/02/invitado_10.png 447w, https://www.festivaldelaimagen.com/wp-content/uploads/2026/02/invitado_10-250x300.png 250w" sizes="(max-width: 447px) 100vw, 447px" />															</div>
				</div>
				</div>
					</div>
				</div>
				</div>
