{"id":988636,"date":"2026-04-06T13:39:00","date_gmt":"2026-04-06T18:39:00","guid":{"rendered":"https:\/\/festivaldelaimagen.com\/rediseno\/?page_id=988636"},"modified":"2026-04-06T13:42:52","modified_gmt":"2026-04-06T18:42:52","slug":"gabriela-munguia","status":"publish","type":"page","link":"https:\/\/www.festivaldelaimagen.com\/?page_id=988636","title":{"rendered":"Gabriela Mungu\u00eda"},"content":{"rendered":"\t\t<div data-elementor-type=\"wp-page\" data-elementor-id=\"988636\" class=\"elementor elementor-988636\" data-elementor-post-type=\"page\">\n\t\t\t\t<div class=\"elementor-element elementor-element-1889a99 e-flex e-con-boxed e-con e-parent\" data-id=\"1889a99\" data-element_type=\"container\" data-e-type=\"container\">\n\t\t\t\t\t<div class=\"e-con-inner\">\n\t\t<div class=\"elementor-element elementor-element-33251eeb e-con-full e-flex e-con e-child\" data-id=\"33251eeb\" data-element_type=\"container\" data-e-type=\"container\">\n\t\t\t\t<div class=\"vamtam-has-theme-widget-styles elementor-element elementor-element-3cfaa905 elementor-widget elementor-widget-heading\" data-id=\"3cfaa905\" data-element_type=\"widget\" data-e-type=\"widget\" data-widget_type=\"heading.default\">\n\t\t\t\t<div class=\"elementor-widget-container\">\n\t\t\t\t\t<h6 class=\"elementor-heading-title elementor-size-default\">Bio<\/h6>\t\t\t\t<\/div>\n\t\t\t\t<\/div>\n\t\t\t\t<div class=\"elementor-element elementor-element-630ed856 elementor-widget elementor-widget-text-editor\" data-id=\"630ed856\" data-element_type=\"widget\" data-e-type=\"widget\" data-widget_type=\"text-editor.default\">\n\t\t\t\t<div class=\"elementor-widget-container\">\n\t\t\t\t\t\t\t\t\t<div dir=\"ltr\"><p>Artista, investigadora y curadora transmedial. Desde bordes indisciplinados entre el arte y la tecnociencia explora los fen\u00f3menos ecol\u00f3gicos y cosmot\u00e9cnicos de la materia para abordar temas de geopol\u00edtica, justicia ambiental y estudios interespecies. Actualmente es directora de la Diplomatura en Humanidades Ambientales de la UNTREF, fundadora del Laboratorio de Ecolog\u00edas Invisibles y miembra de las colectivas Electrobiota, EcoEst\u00e9ticas, Memorias de Terraformaci\u00f3n, AIseeds Project y el Observatorio de Arte y Estudios Interespecies. Ha sido reconocida por el Prince Claus-Institut Goethe Cultural and Artistic Response to Environmental Change Award, CIFO-Ars Electronica Award, Honorary Mention Prix Ars Electronica Interactive Art, \u201cOrillas Nuevas~Nouveaux Rivages\u201d del Institut fran\u00e7ais d\u2019Argentine, entre otros. Su trabajo ha sido exhibido en muestras y festivales internacionales de renombre en las Am\u00e9ricas, Europa, Egipto e Ir\u00e1n.<\/p><\/div>\t\t\t\t\t\t\t\t<\/div>\n\t\t\t\t<\/div>\n\t\t\t\t<\/div>\n\t\t<div class=\"elementor-element elementor-element-292f631a e-con-full e-flex e-con e-child\" data-id=\"292f631a\" data-element_type=\"container\" data-e-type=\"container\">\n\t\t\t\t<div class=\"elementor-element elementor-element-3c887553 elementor-widget__width-inherit elementor-widget elementor-widget-image\" data-id=\"3c887553\" data-element_type=\"widget\" data-e-type=\"widget\" data-widget_type=\"image.default\">\n\t\t\t\t<div class=\"elementor-widget-container\">\n\t\t\t\t\t\t\t\t\t\t\t\t\t\t\t<img fetchpriority=\"high\" decoding=\"async\" width=\"447\" height=\"536\" src=\"https:\/\/www.festivaldelaimagen.com\/wp-content\/uploads\/2026\/03\/gabriela.png\" class=\"attachment-large size-large wp-image-988408\" alt=\"\" srcset=\"https:\/\/www.festivaldelaimagen.com\/wp-content\/uploads\/2026\/03\/gabriela.png 447w, https:\/\/www.festivaldelaimagen.com\/wp-content\/uploads\/2026\/03\/gabriela-250x300.png 250w\" sizes=\"(max-width: 447px) 100vw, 447px\" \/>\t\t\t\t\t\t\t\t\t\t\t\t\t\t\t<\/div>\n\t\t\t\t<\/div>\n\t\t\t\t<\/div>\n\t\t\t\t\t<\/div>\n\t\t\t\t<\/div>\n\t\t\t\t<\/div>\n\t\t","protected":false},"excerpt":{"rendered":"<p>Eloquent portraits capturing the essence of diverse beauty.<\/p>\n","protected":false},"author":1,"featured_media":15865,"parent":4604,"menu_order":0,"comment_status":"closed","ping_status":"closed","template":"","meta":{"footnotes":""},"class_list":["post-988636","page","type-page","status-publish","has-post-thumbnail","hentry"],"_links":{"self":[{"href":"https:\/\/www.festivaldelaimagen.com\/index.php?rest_route=\/wp\/v2\/pages\/988636","targetHints":{"allow":["GET"]}}],"collection":[{"href":"https:\/\/www.festivaldelaimagen.com\/index.php?rest_route=\/wp\/v2\/pages"}],"about":[{"href":"https:\/\/www.festivaldelaimagen.com\/index.php?rest_route=\/wp\/v2\/types\/page"}],"author":[{"embeddable":true,"href":"https:\/\/www.festivaldelaimagen.com\/index.php?rest_route=\/wp\/v2\/users\/1"}],"replies":[{"embeddable":true,"href":"https:\/\/www.festivaldelaimagen.com\/index.php?rest_route=%2Fwp%2Fv2%2Fcomments&post=988636"}],"version-history":[{"count":4,"href":"https:\/\/www.festivaldelaimagen.com\/index.php?rest_route=\/wp\/v2\/pages\/988636\/revisions"}],"predecessor-version":[{"id":988640,"href":"https:\/\/www.festivaldelaimagen.com\/index.php?rest_route=\/wp\/v2\/pages\/988636\/revisions\/988640"}],"up":[{"embeddable":true,"href":"https:\/\/www.festivaldelaimagen.com\/index.php?rest_route=\/wp\/v2\/pages\/4604"}],"wp:featuredmedia":[{"embeddable":true,"href":"https:\/\/www.festivaldelaimagen.com\/index.php?rest_route=\/wp\/v2\/media\/15865"}],"wp:attachment":[{"href":"https:\/\/www.festivaldelaimagen.com\/index.php?rest_route=%2Fwp%2Fv2%2Fmedia&parent=988636"}],"curies":[{"name":"wp","href":"https:\/\/api.w.org\/{rel}","templated":true}]}}

Gabriela Munguía

<div data-elementor-type="wp-page" data-elementor-id="988636" class="elementor elementor-988636" data-elementor-post-type="page">
				<div class="elementor-element elementor-element-1889a99 e-flex e-con-boxed e-con e-parent" data-id="1889a99" data-element_type="container" data-e-type="container">
					<div class="e-con-inner">
		<div class="elementor-element elementor-element-33251eeb e-con-full e-flex e-con e-child" data-id="33251eeb" data-element_type="container" data-e-type="container">
				<div class="vamtam-has-theme-widget-styles elementor-element elementor-element-3cfaa905 elementor-widget elementor-widget-heading" data-id="3cfaa905" data-element_type="widget" data-e-type="widget" data-widget_type="heading.default">
				<div class="elementor-widget-container">
					<h6 class="elementor-heading-title elementor-size-default">Bio</h6>				</div>
				</div>
				<div class="elementor-element elementor-element-630ed856 elementor-widget elementor-widget-text-editor" data-id="630ed856" data-element_type="widget" data-e-type="widget" data-widget_type="text-editor.default">
				<div class="elementor-widget-container">
									<div dir="ltr"><p>Artista, investigadora y curadora transmedial. Desde bordes indisciplinados entre el arte y la tecnociencia explora los fenómenos ecológicos y cosmotécnicos de la materia para abordar temas de geopolítica, justicia ambiental y estudios interespecies. Actualmente es directora de la Diplomatura en Humanidades Ambientales de la UNTREF, fundadora del Laboratorio de Ecologías Invisibles y miembra de las colectivas Electrobiota, EcoEstéticas, Memorias de Terraformación, AIseeds Project y el Observatorio de Arte y Estudios Interespecies. Ha sido reconocida por el Prince Claus-Institut Goethe Cultural and Artistic Response to Environmental Change Award, CIFO-Ars Electronica Award, Honorary Mention Prix Ars Electronica Interactive Art, “Orillas Nuevas~Nouveaux Rivages” del Institut français d’Argentine, entre otros. Su trabajo ha sido exhibido en muestras y festivales internacionales de renombre en las Américas, Europa, Egipto e Irán.</p></div>								</div>
				</div>
				</div>
		<div class="elementor-element elementor-element-292f631a e-con-full e-flex e-con e-child" data-id="292f631a" data-element_type="container" data-e-type="container">
				<div class="elementor-element elementor-element-3c887553 elementor-widget__width-inherit elementor-widget elementor-widget-image" data-id="3c887553" data-element_type="widget" data-e-type="widget" data-widget_type="image.default">
				<div class="elementor-widget-container">
															<img fetchpriority="high" decoding="async" width="447" height="536" src="https://www.festivaldelaimagen.com/wp-content/uploads/2026/03/gabriela.png" class="attachment-large size-large wp-image-988408" alt="" srcset="https://www.festivaldelaimagen.com/wp-content/uploads/2026/03/gabriela.png 447w, https://www.festivaldelaimagen.com/wp-content/uploads/2026/03/gabriela-250x300.png 250w" sizes="(max-width: 447px) 100vw, 447px" />															</div>
				</div>
				</div>
					</div>
				</div>
				</div>
