{"id":988631,"date":"2026-04-06T13:37:22","date_gmt":"2026-04-06T18:37:22","guid":{"rendered":"https:\/\/festivaldelaimagen.com\/rediseno\/?page_id=988631"},"modified":"2026-04-06T13:38:15","modified_gmt":"2026-04-06T18:38:15","slug":"la-casa-ensonada","status":"publish","type":"page","link":"https:\/\/www.festivaldelaimagen.com\/?page_id=988631","title":{"rendered":"La casa enso\u00f1ada"},"content":{"rendered":"\t\t<div data-elementor-type=\"wp-page\" data-elementor-id=\"988631\" class=\"elementor elementor-988631\" data-elementor-post-type=\"page\">\n\t\t\t\t<div class=\"elementor-element elementor-element-1889a99 e-flex e-con-boxed e-con e-parent\" data-id=\"1889a99\" data-element_type=\"container\" data-e-type=\"container\">\n\t\t\t\t\t<div class=\"e-con-inner\">\n\t\t<div class=\"elementor-element elementor-element-33251eeb e-con-full e-flex e-con e-child\" data-id=\"33251eeb\" data-element_type=\"container\" data-e-type=\"container\">\n\t\t\t\t<div class=\"vamtam-has-theme-widget-styles elementor-element elementor-element-3cfaa905 elementor-widget elementor-widget-heading\" data-id=\"3cfaa905\" data-element_type=\"widget\" data-e-type=\"widget\" data-widget_type=\"heading.default\">\n\t\t\t\t<div class=\"elementor-widget-container\">\n\t\t\t\t\t<h6 class=\"elementor-heading-title elementor-size-default\">Bio<\/h6>\t\t\t\t<\/div>\n\t\t\t\t<\/div>\n\t\t\t\t<div class=\"elementor-element elementor-element-630ed856 elementor-widget elementor-widget-text-editor\" data-id=\"630ed856\" data-element_type=\"widget\" data-e-type=\"widget\" data-widget_type=\"text-editor.default\">\n\t\t\t\t<div class=\"elementor-widget-container\">\n\t\t\t\t\t\t\t\t\t<div dir=\"ltr\"><p>La\u00a0<strong>casa enso\u00f1ada<\/strong>\u00a0es resultado principal del proyecto de investigaci\u00f3n creaci\u00f3n \u201cMemoria Expandida 2.0. Montaje digital de productos de Investigaci\u00f3n Creaci\u00f3n del grupo de investigaci\u00f3n \u201cTeatro, Cultura y Sociedad\u201d. En tanto creaci\u00f3n, es un espacio de archivo vivo de las artes vivas en el que cohabitan personajes, im\u00e1genes, acciones y sonidos provenientes de los materiales de archivo que hacen parte de los productos de proyectos de investigaci\u00f3n creaci\u00f3n del grupo de investigaci\u00f3n teatro, cultura y sociedad entre el 2008 y el 2023. Es un Atlas Mnemosyne inspirado quiz\u00e1s en Warburg, en el cual los paneles se han expandido, como l\u00edneas de fuga, para configurar, quiz\u00e1s, una casa tradicional.<\/p><p>La alcoba, la sala, la cocina, la biblioteca emergen como contenedores \u00edntimos pero tambi\u00e9n sociales, en los que se despliegan vivencias y memorias. All\u00ed se evoca, se recuerda, se escuchan textos de otras ficciones que se expanden hacia una nueva ficci\u00f3n.<\/p><p>No hay una forma de habitar \u201cla casa\u201d, son m\u00faltiples. Cada visitante\/habitante\/inquilino sabr\u00e1 c\u00f3mo vincularse con alguno de ellos, con todos o ninguno. El espacio se configura a trav\u00e9s de microespacios en los que se despliegan rituales de la vida cotidiana.\u00a0 En cada uno de estos microespacios est\u00e1 la mezcla de lo acontecido, de lo creado, pero tambi\u00e9n de aquello que sigue re-produci\u00e9ndose, bajo un concepto claro de \u201cmemoria expandida\u201d. La m\u00fasica producida electr\u00f3nicamente y las visuales hacen posible que el espacio sea inmersivo e interactivo. Pero esto s\u00f3lo suceder\u00e1 en momentos espec\u00edficos que hemos denominado \u201cpaisajes sonoros performativos\u201d.<\/p><p>La instalaci\u00f3n perform\u00e1tica que se propone aqu\u00ed, forma parte de una presencia y de una ausencia. Es condensaci\u00f3n y expansi\u00f3n. Es memoria y olvido. La casa enso\u00f1ada es instalaci\u00f3n, ritual, sonoridad, ceremonia.<\/p><\/div>\t\t\t\t\t\t\t\t<\/div>\n\t\t\t\t<\/div>\n\t\t\t\t<\/div>\n\t\t<div class=\"elementor-element elementor-element-292f631a e-con-full e-flex e-con e-child\" data-id=\"292f631a\" data-element_type=\"container\" data-e-type=\"container\">\n\t\t\t\t<div class=\"elementor-element elementor-element-3c887553 elementor-widget__width-inherit elementor-widget elementor-widget-image\" data-id=\"3c887553\" data-element_type=\"widget\" data-e-type=\"widget\" data-widget_type=\"image.default\">\n\t\t\t\t<div class=\"elementor-widget-container\">\n\t\t\t\t\t\t\t\t\t\t\t\t\t\t\t<img fetchpriority=\"high\" decoding=\"async\" width=\"447\" height=\"536\" src=\"https:\/\/www.festivaldelaimagen.com\/wp-content\/uploads\/2026\/03\/la-casa.png\" class=\"attachment-large size-large wp-image-988412\" alt=\"\" srcset=\"https:\/\/www.festivaldelaimagen.com\/wp-content\/uploads\/2026\/03\/la-casa.png 447w, https:\/\/www.festivaldelaimagen.com\/wp-content\/uploads\/2026\/03\/la-casa-250x300.png 250w\" sizes=\"(max-width: 447px) 100vw, 447px\" \/>\t\t\t\t\t\t\t\t\t\t\t\t\t\t\t<\/div>\n\t\t\t\t<\/div>\n\t\t\t\t<\/div>\n\t\t\t\t\t<\/div>\n\t\t\t\t<\/div>\n\t\t\t\t<\/div>\n\t\t","protected":false},"excerpt":{"rendered":"<p>Eloquent portraits capturing the essence of diverse beauty.<\/p>\n","protected":false},"author":1,"featured_media":15865,"parent":4604,"menu_order":0,"comment_status":"closed","ping_status":"closed","template":"","meta":{"footnotes":""},"class_list":["post-988631","page","type-page","status-publish","has-post-thumbnail","hentry"],"_links":{"self":[{"href":"https:\/\/www.festivaldelaimagen.com\/index.php?rest_route=\/wp\/v2\/pages\/988631","targetHints":{"allow":["GET"]}}],"collection":[{"href":"https:\/\/www.festivaldelaimagen.com\/index.php?rest_route=\/wp\/v2\/pages"}],"about":[{"href":"https:\/\/www.festivaldelaimagen.com\/index.php?rest_route=\/wp\/v2\/types\/page"}],"author":[{"embeddable":true,"href":"https:\/\/www.festivaldelaimagen.com\/index.php?rest_route=\/wp\/v2\/users\/1"}],"replies":[{"embeddable":true,"href":"https:\/\/www.festivaldelaimagen.com\/index.php?rest_route=%2Fwp%2Fv2%2Fcomments&post=988631"}],"version-history":[{"count":4,"href":"https:\/\/www.festivaldelaimagen.com\/index.php?rest_route=\/wp\/v2\/pages\/988631\/revisions"}],"predecessor-version":[{"id":988635,"href":"https:\/\/www.festivaldelaimagen.com\/index.php?rest_route=\/wp\/v2\/pages\/988631\/revisions\/988635"}],"up":[{"embeddable":true,"href":"https:\/\/www.festivaldelaimagen.com\/index.php?rest_route=\/wp\/v2\/pages\/4604"}],"wp:featuredmedia":[{"embeddable":true,"href":"https:\/\/www.festivaldelaimagen.com\/index.php?rest_route=\/wp\/v2\/media\/15865"}],"wp:attachment":[{"href":"https:\/\/www.festivaldelaimagen.com\/index.php?rest_route=%2Fwp%2Fv2%2Fmedia&parent=988631"}],"curies":[{"name":"wp","href":"https:\/\/api.w.org\/{rel}","templated":true}]}}

La casa ensoñada

<div data-elementor-type="wp-page" data-elementor-id="988631" class="elementor elementor-988631" data-elementor-post-type="page">
				<div class="elementor-element elementor-element-1889a99 e-flex e-con-boxed e-con e-parent" data-id="1889a99" data-element_type="container" data-e-type="container">
					<div class="e-con-inner">
		<div class="elementor-element elementor-element-33251eeb e-con-full e-flex e-con e-child" data-id="33251eeb" data-element_type="container" data-e-type="container">
				<div class="vamtam-has-theme-widget-styles elementor-element elementor-element-3cfaa905 elementor-widget elementor-widget-heading" data-id="3cfaa905" data-element_type="widget" data-e-type="widget" data-widget_type="heading.default">
				<div class="elementor-widget-container">
					<h6 class="elementor-heading-title elementor-size-default">Bio</h6>				</div>
				</div>
				<div class="elementor-element elementor-element-630ed856 elementor-widget elementor-widget-text-editor" data-id="630ed856" data-element_type="widget" data-e-type="widget" data-widget_type="text-editor.default">
				<div class="elementor-widget-container">
									<div dir="ltr"><p>La <strong>casa ensoñada</strong> es resultado principal del proyecto de investigación creación “Memoria Expandida 2.0. Montaje digital de productos de Investigación Creación del grupo de investigación “Teatro, Cultura y Sociedad”. En tanto creación, es un espacio de archivo vivo de las artes vivas en el que cohabitan personajes, imágenes, acciones y sonidos provenientes de los materiales de archivo que hacen parte de los productos de proyectos de investigación creación del grupo de investigación teatro, cultura y sociedad entre el 2008 y el 2023. Es un Atlas Mnemosyne inspirado quizás en Warburg, en el cual los paneles se han expandido, como líneas de fuga, para configurar, quizás, una casa tradicional.</p><p>La alcoba, la sala, la cocina, la biblioteca emergen como contenedores íntimos pero también sociales, en los que se despliegan vivencias y memorias. Allí se evoca, se recuerda, se escuchan textos de otras ficciones que se expanden hacia una nueva ficción.</p><p>No hay una forma de habitar “la casa”, son múltiples. Cada visitante/habitante/inquilino sabrá cómo vincularse con alguno de ellos, con todos o ninguno. El espacio se configura a través de microespacios en los que se despliegan rituales de la vida cotidiana.  En cada uno de estos microespacios está la mezcla de lo acontecido, de lo creado, pero también de aquello que sigue re-produciéndose, bajo un concepto claro de “memoria expandida”. La música producida electrónicamente y las visuales hacen posible que el espacio sea inmersivo e interactivo. Pero esto sólo sucederá en momentos específicos que hemos denominado “paisajes sonoros performativos”.</p><p>La instalación performática que se propone aquí, forma parte de una presencia y de una ausencia. Es condensación y expansión. Es memoria y olvido. La casa ensoñada es instalación, ritual, sonoridad, ceremonia.</p></div>								</div>
				</div>
				</div>
		<div class="elementor-element elementor-element-292f631a e-con-full e-flex e-con e-child" data-id="292f631a" data-element_type="container" data-e-type="container">
				<div class="elementor-element elementor-element-3c887553 elementor-widget__width-inherit elementor-widget elementor-widget-image" data-id="3c887553" data-element_type="widget" data-e-type="widget" data-widget_type="image.default">
				<div class="elementor-widget-container">
															<img fetchpriority="high" decoding="async" width="447" height="536" src="https://www.festivaldelaimagen.com/wp-content/uploads/2026/03/la-casa.png" class="attachment-large size-large wp-image-988412" alt="" srcset="https://www.festivaldelaimagen.com/wp-content/uploads/2026/03/la-casa.png 447w, https://www.festivaldelaimagen.com/wp-content/uploads/2026/03/la-casa-250x300.png 250w" sizes="(max-width: 447px) 100vw, 447px" />															</div>
				</div>
				</div>
					</div>
				</div>
				</div>
