{"id":988626,"date":"2026-04-06T13:36:02","date_gmt":"2026-04-06T18:36:02","guid":{"rendered":"https:\/\/festivaldelaimagen.com\/rediseno\/?page_id=988626"},"modified":"2026-04-06T13:36:38","modified_gmt":"2026-04-06T18:36:38","slug":"juan-pablo-garcia-sossa","status":"publish","type":"page","link":"https:\/\/www.festivaldelaimagen.com\/?page_id=988626","title":{"rendered":"Juan Pablo Garc\u00eda Sossa"},"content":{"rendered":"\t\t<div data-elementor-type=\"wp-page\" data-elementor-id=\"988626\" class=\"elementor elementor-988626\" data-elementor-post-type=\"page\">\n\t\t\t\t<div class=\"elementor-element elementor-element-1889a99 e-flex e-con-boxed e-con e-parent\" data-id=\"1889a99\" data-element_type=\"container\" data-e-type=\"container\">\n\t\t\t\t\t<div class=\"e-con-inner\">\n\t\t<div class=\"elementor-element elementor-element-33251eeb e-con-full e-flex e-con e-child\" data-id=\"33251eeb\" data-element_type=\"container\" data-e-type=\"container\">\n\t\t\t\t<div class=\"vamtam-has-theme-widget-styles elementor-element elementor-element-3cfaa905 elementor-widget elementor-widget-heading\" data-id=\"3cfaa905\" data-element_type=\"widget\" data-e-type=\"widget\" data-widget_type=\"heading.default\">\n\t\t\t\t<div class=\"elementor-widget-container\">\n\t\t\t\t\t<h6 class=\"elementor-heading-title elementor-size-default\">Bio<\/h6>\t\t\t\t<\/div>\n\t\t\t\t<\/div>\n\t\t\t\t<div class=\"elementor-element elementor-element-630ed856 elementor-widget elementor-widget-text-editor\" data-id=\"630ed856\" data-element_type=\"widget\" data-e-type=\"widget\" data-widget_type=\"text-editor.default\">\n\t\t\t\t<div class=\"elementor-widget-container\">\n\t\t\t\t\t\t\t\t\t<div dir=\"ltr\"><p>Juan Pablo Garc\u00eda Sossa es un dise\u00f1ador, investigador y artista de medios expansivos. La pr\u00e1ctica art\u00edstica investigativa de Juan Pablo \/ jpgs explora la configuraci\u00f3n y desarrollo de culturas, realidades y mundos a trav\u00e9s del remix y la re\u00b7apropiaci\u00f3n de tecnolog\u00edas desde una perspectiva Tropik\u00f3s (entendiendo los Tr\u00f3picos como regi\u00f3n y como mentalidad). La pr\u00e1ctica de jpgs est\u00e1 profundamente comprometida con pluriversar tecnolog\u00edas hacia tecno\u00b7diversidades y una perma\u00b7computaci\u00f3n m\u00e1s-que-binaria. A trav\u00e9s de distintos proyectos de entramado como Futura Tr\u014dpica Netroots, jpgs cuestiona los efectos homogeneizantes del globalismo, resaltando la relaci\u00f3n en diferencia, como en una trama interPlanetaria de sistemas y cosmolog\u00edas. jpgs ha desarrollado m\u00faltiples proyectos curatoriales en torno al Post-Desarrollo, en di\u00e1logo con culturas digitales emergentes, culturas populares enraizadas, inteligencias colectivas y el re-posicionamiento de realidades, profundamente informados por comunidades en red y sus estrategias creativas, tecnol\u00f3gicas y pol\u00edticas en constante evoluci\u00f3n.<\/p><p>jpgs ha sido parte de diversas instituciones de investigaci\u00f3n y estudios de dise\u00f1o, tales como SAVVY Contemporary \u2013 The Laboratory of Form-Ideas en Berl\u00edn, y ha sido co-director de Estaci\u00f3n Terrena, un espacio para la investigaci\u00f3n art\u00edstica y pluriversar tecnolog\u00edas ubicado en la avenida electr\u00f3nica (Carrera 9\u00aa) de Bogot\u00e1. En 2020 jpgs ha sido fellow de EYEBEAM, Web Fellow en la Akademie Schloss Solitude en 2021, y CAREC Fellow del Prince Claus Fonds en 2022. En 2021, jpgs inici\u00f3 Futura Tr\u014dpica Netroots, una red InterTropical de redes locales enraizadas que conecta comunidades y redes de apoyo y afecto dentro del Cintur\u00f3n Tropical (Latinoam\u00e9rica y el Caribe, el Continente Africano, as\u00ed como el Sur y Sudeste Asi\u00e1tico ++). Esta red propone un intercambio lateral de otras formas de saberes, redes y tecnolog\u00edas desde una perspectiva Tropik\u00f3s. En 2022, jpgs desarroll\u00f3 el proyecto de investigaci\u00f3n curatorial y entramado llamado Hackerismo M\u00e1gico o La Elasticidad de la Resiliencia, y co-cur\u00f3 Unraveling the (Under-) Development Complex | An Ode To Walter Rodney\u2019s \u201cHow Europe Underdeveloped Africa\u201d 50 Years On (1972\u20132022), ambos presentados en SAVVY Contemporary en Berl\u00edn. jpgs es co-curador, junto a Neema Githere, de transmediale 2026.<\/p><\/div>\t\t\t\t\t\t\t\t<\/div>\n\t\t\t\t<\/div>\n\t\t\t\t<\/div>\n\t\t<div class=\"elementor-element elementor-element-292f631a e-con-full e-flex e-con e-child\" data-id=\"292f631a\" data-element_type=\"container\" data-e-type=\"container\">\n\t\t\t\t<div class=\"elementor-element elementor-element-3c887553 elementor-widget__width-inherit elementor-widget elementor-widget-image\" data-id=\"3c887553\" data-element_type=\"widget\" data-e-type=\"widget\" data-widget_type=\"image.default\">\n\t\t\t\t<div class=\"elementor-widget-container\">\n\t\t\t\t\t\t\t\t\t\t\t\t\t\t\t<img fetchpriority=\"high\" decoding=\"async\" width=\"447\" height=\"536\" src=\"https:\/\/www.festivaldelaimagen.com\/wp-content\/uploads\/2026\/03\/raisa-galofre.png\" class=\"attachment-large size-large wp-image-988349\" alt=\"\" srcset=\"https:\/\/www.festivaldelaimagen.com\/wp-content\/uploads\/2026\/03\/raisa-galofre.png 447w, https:\/\/www.festivaldelaimagen.com\/wp-content\/uploads\/2026\/03\/raisa-galofre-250x300.png 250w\" sizes=\"(max-width: 447px) 100vw, 447px\" \/>\t\t\t\t\t\t\t\t\t\t\t\t\t\t\t<\/div>\n\t\t\t\t<\/div>\n\t\t\t\t<\/div>\n\t\t\t\t\t<\/div>\n\t\t\t\t<\/div>\n\t\t\t\t<\/div>\n\t\t","protected":false},"excerpt":{"rendered":"<p>Eloquent portraits capturing the essence of diverse beauty.<\/p>\n","protected":false},"author":1,"featured_media":15865,"parent":4604,"menu_order":0,"comment_status":"closed","ping_status":"closed","template":"","meta":{"footnotes":""},"class_list":["post-988626","page","type-page","status-publish","has-post-thumbnail","hentry"],"_links":{"self":[{"href":"https:\/\/www.festivaldelaimagen.com\/index.php?rest_route=\/wp\/v2\/pages\/988626","targetHints":{"allow":["GET"]}}],"collection":[{"href":"https:\/\/www.festivaldelaimagen.com\/index.php?rest_route=\/wp\/v2\/pages"}],"about":[{"href":"https:\/\/www.festivaldelaimagen.com\/index.php?rest_route=\/wp\/v2\/types\/page"}],"author":[{"embeddable":true,"href":"https:\/\/www.festivaldelaimagen.com\/index.php?rest_route=\/wp\/v2\/users\/1"}],"replies":[{"embeddable":true,"href":"https:\/\/www.festivaldelaimagen.com\/index.php?rest_route=%2Fwp%2Fv2%2Fcomments&post=988626"}],"version-history":[{"count":4,"href":"https:\/\/www.festivaldelaimagen.com\/index.php?rest_route=\/wp\/v2\/pages\/988626\/revisions"}],"predecessor-version":[{"id":988630,"href":"https:\/\/www.festivaldelaimagen.com\/index.php?rest_route=\/wp\/v2\/pages\/988626\/revisions\/988630"}],"up":[{"embeddable":true,"href":"https:\/\/www.festivaldelaimagen.com\/index.php?rest_route=\/wp\/v2\/pages\/4604"}],"wp:featuredmedia":[{"embeddable":true,"href":"https:\/\/www.festivaldelaimagen.com\/index.php?rest_route=\/wp\/v2\/media\/15865"}],"wp:attachment":[{"href":"https:\/\/www.festivaldelaimagen.com\/index.php?rest_route=%2Fwp%2Fv2%2Fmedia&parent=988626"}],"curies":[{"name":"wp","href":"https:\/\/api.w.org\/{rel}","templated":true}]}}

Juan Pablo García Sossa

<div data-elementor-type="wp-page" data-elementor-id="988626" class="elementor elementor-988626" data-elementor-post-type="page">
				<div class="elementor-element elementor-element-1889a99 e-flex e-con-boxed e-con e-parent" data-id="1889a99" data-element_type="container" data-e-type="container">
					<div class="e-con-inner">
		<div class="elementor-element elementor-element-33251eeb e-con-full e-flex e-con e-child" data-id="33251eeb" data-element_type="container" data-e-type="container">
				<div class="vamtam-has-theme-widget-styles elementor-element elementor-element-3cfaa905 elementor-widget elementor-widget-heading" data-id="3cfaa905" data-element_type="widget" data-e-type="widget" data-widget_type="heading.default">
				<div class="elementor-widget-container">
					<h6 class="elementor-heading-title elementor-size-default">Bio</h6>				</div>
				</div>
				<div class="elementor-element elementor-element-630ed856 elementor-widget elementor-widget-text-editor" data-id="630ed856" data-element_type="widget" data-e-type="widget" data-widget_type="text-editor.default">
				<div class="elementor-widget-container">
									<div dir="ltr"><p>Juan Pablo García Sossa es un diseñador, investigador y artista de medios expansivos. La práctica artística investigativa de Juan Pablo / jpgs explora la configuración y desarrollo de culturas, realidades y mundos a través del remix y la re·apropiación de tecnologías desde una perspectiva Tropikós (entendiendo los Trópicos como región y como mentalidad). La práctica de jpgs está profundamente comprometida con pluriversar tecnologías hacia tecno·diversidades y una perma·computación más-que-binaria. A través de distintos proyectos de entramado como Futura Trōpica Netroots, jpgs cuestiona los efectos homogeneizantes del globalismo, resaltando la relación en diferencia, como en una trama interPlanetaria de sistemas y cosmologías. jpgs ha desarrollado múltiples proyectos curatoriales en torno al Post-Desarrollo, en diálogo con culturas digitales emergentes, culturas populares enraizadas, inteligencias colectivas y el re-posicionamiento de realidades, profundamente informados por comunidades en red y sus estrategias creativas, tecnológicas y políticas en constante evolución.</p><p>jpgs ha sido parte de diversas instituciones de investigación y estudios de diseño, tales como SAVVY Contemporary – The Laboratory of Form-Ideas en Berlín, y ha sido co-director de Estación Terrena, un espacio para la investigación artística y pluriversar tecnologías ubicado en la avenida electrónica (Carrera 9ª) de Bogotá. En 2020 jpgs ha sido fellow de EYEBEAM, Web Fellow en la Akademie Schloss Solitude en 2021, y CAREC Fellow del Prince Claus Fonds en 2022. En 2021, jpgs inició Futura Trōpica Netroots, una red InterTropical de redes locales enraizadas que conecta comunidades y redes de apoyo y afecto dentro del Cinturón Tropical (Latinoamérica y el Caribe, el Continente Africano, así como el Sur y Sudeste Asiático ++). Esta red propone un intercambio lateral de otras formas de saberes, redes y tecnologías desde una perspectiva Tropikós. En 2022, jpgs desarrolló el proyecto de investigación curatorial y entramado llamado Hackerismo Mágico o La Elasticidad de la Resiliencia, y co-curó Unraveling the (Under-) Development Complex | An Ode To Walter Rodney’s “How Europe Underdeveloped Africa” 50 Years On (1972–2022), ambos presentados en SAVVY Contemporary en Berlín. jpgs es co-curador, junto a Neema Githere, de transmediale 2026.</p></div>								</div>
				</div>
				</div>
		<div class="elementor-element elementor-element-292f631a e-con-full e-flex e-con e-child" data-id="292f631a" data-element_type="container" data-e-type="container">
				<div class="elementor-element elementor-element-3c887553 elementor-widget__width-inherit elementor-widget elementor-widget-image" data-id="3c887553" data-element_type="widget" data-e-type="widget" data-widget_type="image.default">
				<div class="elementor-widget-container">
															<img fetchpriority="high" decoding="async" width="447" height="536" src="https://www.festivaldelaimagen.com/wp-content/uploads/2026/03/raisa-galofre.png" class="attachment-large size-large wp-image-988349" alt="" srcset="https://www.festivaldelaimagen.com/wp-content/uploads/2026/03/raisa-galofre.png 447w, https://www.festivaldelaimagen.com/wp-content/uploads/2026/03/raisa-galofre-250x300.png 250w" sizes="(max-width: 447px) 100vw, 447px" />															</div>
				</div>
				</div>
					</div>
				</div>
				</div>
