{"id":988583,"date":"2026-04-06T12:59:55","date_gmt":"2026-04-06T17:59:55","guid":{"rendered":"https:\/\/festivaldelaimagen.com\/rediseno\/?page_id=988583"},"modified":"2026-04-06T13:00:44","modified_gmt":"2026-04-06T18:00:44","slug":"joan-fontcuberta","status":"publish","type":"page","link":"https:\/\/www.festivaldelaimagen.com\/?page_id=988583","title":{"rendered":"Joan Fontcuberta"},"content":{"rendered":"\t\t<div data-elementor-type=\"wp-page\" data-elementor-id=\"988583\" class=\"elementor elementor-988583\" data-elementor-post-type=\"page\">\n\t\t\t\t<div class=\"elementor-element elementor-element-1889a99 e-flex e-con-boxed e-con e-parent\" data-id=\"1889a99\" data-element_type=\"container\" data-e-type=\"container\">\n\t\t\t\t\t<div class=\"e-con-inner\">\n\t\t<div class=\"elementor-element elementor-element-33251eeb e-con-full e-flex e-con e-child\" data-id=\"33251eeb\" data-element_type=\"container\" data-e-type=\"container\">\n\t\t\t\t<div class=\"vamtam-has-theme-widget-styles elementor-element elementor-element-3cfaa905 elementor-widget elementor-widget-heading\" data-id=\"3cfaa905\" data-element_type=\"widget\" data-e-type=\"widget\" data-widget_type=\"heading.default\">\n\t\t\t\t<div class=\"elementor-widget-container\">\n\t\t\t\t\t<h6 class=\"elementor-heading-title elementor-size-default\">Bio<\/h6>\t\t\t\t<\/div>\n\t\t\t\t<\/div>\n\t\t\t\t<div class=\"elementor-element elementor-element-630ed856 elementor-widget elementor-widget-text-editor\" data-id=\"630ed856\" data-element_type=\"widget\" data-e-type=\"widget\" data-widget_type=\"text-editor.default\">\n\t\t\t\t<div class=\"elementor-widget-container\">\n\t\t\t\t\t\t\t\t\t<p>Artista visual, te\u00f3rico y figura clave en el pensamiento contempor\u00e1neo sobre la imagen, Joan Fontcuberta ha desarrollado una extensa y multifac\u00e9tica trayectoria en el campo de la fotograf\u00eda como creador, docente, cr\u00edtico, curador e historiador. Fontcuberta es co-director del Festival Panor\u00e0mic en Catalu\u00f1a, Espa\u00f1a, junto con Laia Casanova y Albert Gusi. Este festival interdisciplinar se sit\u00faa en la intersecci\u00f3n entre imagen, audiovisual y cultura digital, y cuenta con un equipo asesor conformado por Andr\u00e9s Hispano, Merc\u00e8 Alsina y F\u00e8lix P\u00e9rez-Hita, reconocidos expertos en arte, medios y pensamiento visual.<\/p><p>Como te\u00f3rico, ha publicado m\u00e1s de una docena de ensayos fundamentales sobre la fotograf\u00eda, destacando t\u00edtulos como El beso de Judas. Fotograf\u00eda y verdad (1997), Ciencia y fricci\u00f3n (1998) y La c\u00e1mara de Pandora (2010). Paralelamente, su obra art\u00edstica ha sido objeto de m\u00e1s de treinta monograf\u00edas en distintos pa\u00edses. Ha sido profesor visitante en numerosas universidades de Europa y Estados Unidos, y colabora regularmente con revistas y publicaciones especializadas en arte, cultura visual y medios. Entre otros reconocimientos, en 2013 recibi\u00f3 el prestigioso Premio Internacional Hasselblad, considerado uno de los m\u00e1s importantes en el \u00e1mbito de la fotograf\u00eda.<\/p>\t\t\t\t\t\t\t\t<\/div>\n\t\t\t\t<\/div>\n\t\t\t\t<\/div>\n\t\t<div class=\"elementor-element elementor-element-292f631a e-con-full e-flex e-con e-child\" data-id=\"292f631a\" data-element_type=\"container\" data-e-type=\"container\">\n\t\t\t\t<div class=\"elementor-element elementor-element-3c887553 elementor-widget__width-inherit elementor-widget elementor-widget-image\" data-id=\"3c887553\" data-element_type=\"widget\" data-e-type=\"widget\" data-widget_type=\"image.default\">\n\t\t\t\t<div class=\"elementor-widget-container\">\n\t\t\t\t\t\t\t\t\t\t\t\t\t\t\t<img fetchpriority=\"high\" decoding=\"async\" width=\"447\" height=\"536\" src=\"https:\/\/www.festivaldelaimagen.com\/wp-content\/uploads\/2026\/03\/joan-fontcuberta.png\" class=\"attachment-large size-large wp-image-988344\" alt=\"\" srcset=\"https:\/\/www.festivaldelaimagen.com\/wp-content\/uploads\/2026\/03\/joan-fontcuberta.png 447w, https:\/\/www.festivaldelaimagen.com\/wp-content\/uploads\/2026\/03\/joan-fontcuberta-250x300.png 250w\" sizes=\"(max-width: 447px) 100vw, 447px\" \/>\t\t\t\t\t\t\t\t\t\t\t\t\t\t\t<\/div>\n\t\t\t\t<\/div>\n\t\t\t\t<\/div>\n\t\t\t\t\t<\/div>\n\t\t\t\t<\/div>\n\t\t\t\t<\/div>\n\t\t","protected":false},"excerpt":{"rendered":"<p>Eloquent portraits capturing the essence of diverse beauty.<\/p>\n","protected":false},"author":1,"featured_media":15865,"parent":4604,"menu_order":0,"comment_status":"closed","ping_status":"closed","template":"","meta":{"footnotes":""},"class_list":["post-988583","page","type-page","status-publish","has-post-thumbnail","hentry"],"_links":{"self":[{"href":"https:\/\/www.festivaldelaimagen.com\/index.php?rest_route=\/wp\/v2\/pages\/988583","targetHints":{"allow":["GET"]}}],"collection":[{"href":"https:\/\/www.festivaldelaimagen.com\/index.php?rest_route=\/wp\/v2\/pages"}],"about":[{"href":"https:\/\/www.festivaldelaimagen.com\/index.php?rest_route=\/wp\/v2\/types\/page"}],"author":[{"embeddable":true,"href":"https:\/\/www.festivaldelaimagen.com\/index.php?rest_route=\/wp\/v2\/users\/1"}],"replies":[{"embeddable":true,"href":"https:\/\/www.festivaldelaimagen.com\/index.php?rest_route=%2Fwp%2Fv2%2Fcomments&post=988583"}],"version-history":[{"count":4,"href":"https:\/\/www.festivaldelaimagen.com\/index.php?rest_route=\/wp\/v2\/pages\/988583\/revisions"}],"predecessor-version":[{"id":988587,"href":"https:\/\/www.festivaldelaimagen.com\/index.php?rest_route=\/wp\/v2\/pages\/988583\/revisions\/988587"}],"up":[{"embeddable":true,"href":"https:\/\/www.festivaldelaimagen.com\/index.php?rest_route=\/wp\/v2\/pages\/4604"}],"wp:featuredmedia":[{"embeddable":true,"href":"https:\/\/www.festivaldelaimagen.com\/index.php?rest_route=\/wp\/v2\/media\/15865"}],"wp:attachment":[{"href":"https:\/\/www.festivaldelaimagen.com\/index.php?rest_route=%2Fwp%2Fv2%2Fmedia&parent=988583"}],"curies":[{"name":"wp","href":"https:\/\/api.w.org\/{rel}","templated":true}]}}

<div data-elementor-type="wp-page" data-elementor-id="988583" class="elementor elementor-988583" data-elementor-post-type="page">
				<div class="elementor-element elementor-element-1889a99 e-flex e-con-boxed e-con e-parent" data-id="1889a99" data-element_type="container" data-e-type="container">
					<div class="e-con-inner">
		<div class="elementor-element elementor-element-33251eeb e-con-full e-flex e-con e-child" data-id="33251eeb" data-element_type="container" data-e-type="container">
				<div class="vamtam-has-theme-widget-styles elementor-element elementor-element-3cfaa905 elementor-widget elementor-widget-heading" data-id="3cfaa905" data-element_type="widget" data-e-type="widget" data-widget_type="heading.default">
				<div class="elementor-widget-container">
					<h6 class="elementor-heading-title elementor-size-default">Bio</h6>				</div>
				</div>
				<div class="elementor-element elementor-element-630ed856 elementor-widget elementor-widget-text-editor" data-id="630ed856" data-element_type="widget" data-e-type="widget" data-widget_type="text-editor.default">
				<div class="elementor-widget-container">
									<p>Artista visual, teórico y figura clave en el pensamiento contemporáneo sobre la imagen, Joan Fontcuberta ha desarrollado una extensa y multifacética trayectoria en el campo de la fotografía como creador, docente, crítico, curador e historiador. Fontcuberta es co-director del Festival Panoràmic en Cataluña, España, junto con Laia Casanova y Albert Gusi. Este festival interdisciplinar se sitúa en la intersección entre imagen, audiovisual y cultura digital, y cuenta con un equipo asesor conformado por Andrés Hispano, Mercè Alsina y Fèlix Pérez-Hita, reconocidos expertos en arte, medios y pensamiento visual.</p><p>Como teórico, ha publicado más de una docena de ensayos fundamentales sobre la fotografía, destacando títulos como El beso de Judas. Fotografía y verdad (1997), Ciencia y fricción (1998) y La cámara de Pandora (2010). Paralelamente, su obra artística ha sido objeto de más de treinta monografías en distintos países. Ha sido profesor visitante en numerosas universidades de Europa y Estados Unidos, y colabora regularmente con revistas y publicaciones especializadas en arte, cultura visual y medios. Entre otros reconocimientos, en 2013 recibió el prestigioso Premio Internacional Hasselblad, considerado uno de los más importantes en el ámbito de la fotografía.</p>								</div>
				</div>
				</div>
		<div class="elementor-element elementor-element-292f631a e-con-full e-flex e-con e-child" data-id="292f631a" data-element_type="container" data-e-type="container">
				<div class="elementor-element elementor-element-3c887553 elementor-widget__width-inherit elementor-widget elementor-widget-image" data-id="3c887553" data-element_type="widget" data-e-type="widget" data-widget_type="image.default">
				<div class="elementor-widget-container">
															<img fetchpriority="high" decoding="async" width="447" height="536" src="https://www.festivaldelaimagen.com/wp-content/uploads/2026/03/joan-fontcuberta.png" class="attachment-large size-large wp-image-988344" alt="" srcset="https://www.festivaldelaimagen.com/wp-content/uploads/2026/03/joan-fontcuberta.png 447w, https://www.festivaldelaimagen.com/wp-content/uploads/2026/03/joan-fontcuberta-250x300.png 250w" sizes="(max-width: 447px) 100vw, 447px" />															</div>
				</div>
				</div>
					</div>
				</div>
				</div>
